{"id":5431,"date":"2025-12-30T19:39:44","date_gmt":"2025-12-30T22:39:44","guid":{"rendered":"https:\/\/isfd52-bue.infd.edu.ar\/sitio\/?page_id=5431"},"modified":"2026-03-07T02:26:29","modified_gmt":"2026-03-07T05:26:29","slug":"mesas-de-examenes-febrero-marzo-2026-unico-llamado","status":"publish","type":"page","link":"https:\/\/isfd52-bue.infd.edu.ar\/sitio\/mesas-de-examenes-febrero-marzo-2026-unico-llamado\/","title":{"rendered":"MESAS DE EX\u00c1MENES FEBRERO-MARZO 2026"},"content":{"rendered":"\n<p><\/p>\n\n\n\n<p class=\"has-text-align-center has-base-3-color has-accent-background-color has-text-color has-background has-medium-font-size\">Acreditaciones por&nbsp;<strong>EXAMEN REQUIEREN INSCRIPCI\u00d3N POR AUTOGESTI\u00d3N POR SISTEMA SADIS.<\/strong>&nbsp;PLAZO DE INSCRIPCI\u00d3N desde el 16\/02\/26 al 19\/02\/26 inclusive. <\/p>\n\n\n\n<p class=\"has-text-align-center has-base-3-color has-accent-background-color has-text-color has-background\">Por cualquier inconveniente de inscripci\u00f3n podr\u00e1n consultar a sus preceptorxs referentes&nbsp;de carrera los d\u00edas 18 y 19 de febrero.<\/p>\n\n\n\n<p class=\"has-text-align-center has-base-3-color has-accent-background-color has-text-color has-background\">Por promociones que no se hayan acreditado en ciclos lectivos anteriores consultar a las jefas de \u00e1rea\/coordinadoras de carreras.<\/p>\n\n\n\n<p class=\"has-text-align-center has-base-3-color has-text-color has-background\" style=\"background-color:#019992\">Acreditaciones LIBRES<strong>&nbsp;REQUIEREN INSCRIPCI\u00d3N POR AUTOGESTI\u00d3N POR FORMULARIOS de Google Form.<\/strong>&nbsp;PLAZO DE INSCRIPCI\u00d3N desde el 11\/02\/26 al 19\/02\/26 inclusive.<\/p>\n\n\n\n<p class=\"has-text-align-center has-text-color\" style=\"color:#019992\">(Recuerden que para acreditaciones LIBRES deben inscribirse en cada turno en el que deseen presentarse a rendir examen, las inscripciones previas no tienen vigencia)<\/p>\n\n\n\n<p class=\"has-text-align-center has-text-color has-medium-font-size\" style=\"color:#1e73be\"><strong>TUTORIAL PARA REALIZAR INSCRIPCIONES EN SISTEMA SADIS<\/strong><\/p>\n\n\n\n<div class=\"wp-block-file\"><a id=\"wp-block-file--media-7833ad66-f6a7-4fa1-9e13-b7b9e6f14e5d\" href=\"https:\/\/isfd52-bue.infd.edu.ar\/sitio\/wp-content\/uploads\/2025\/12\/INSTRUCTIVO-INSCRIPCION-SADIS.pdf\">INSTRUCTIVO-INSCRIPCION-SADIS<\/a><a href=\"https:\/\/isfd52-bue.infd.edu.ar\/sitio\/wp-content\/uploads\/2025\/12\/INSTRUCTIVO-INSCRIPCION-SADIS.pdf\" class=\"wp-block-file__button wp-element-button\" download aria-describedby=\"wp-block-file--media-7833ad66-f6a7-4fa1-9e13-b7b9e6f14e5d\">Descarga<\/a><\/div>\n\n\n\n<p><\/p>\n\n\n\n<p class=\"has-text-align-center has-base-3-color has-text-color has-background has-medium-font-size\" style=\"background-color:#1e73be\"><strong>CRONOGRAMAS DE MESAS DE EX\u00c1MENES FEBRERO-MARZO 2026<\/strong><\/p>\n\n\n\n<p class=\"has-text-color\" style=\"color:#00447f\">PROFESORADO DE ECONOM\u00cdA<\/p>\n\n\n\n<div class=\"wp-block-file\"><a id=\"wp-block-file--media-10f1ab27-a478-4637-ba37-b31e4fb97b4e\" href=\"https:\/\/isfd52-bue.infd.edu.ar\/sitio\/wp-content\/uploads\/2025\/12\/MESAS-DE-EXAMEN-ECONOMIA-FEB-MARZO-2026.pdf\">MESAS-DE-EXAMEN-ECONOMIA-FEB-MARZO-2026<\/a><a href=\"https:\/\/isfd52-bue.infd.edu.ar\/sitio\/wp-content\/uploads\/2025\/12\/MESAS-DE-EXAMEN-ECONOMIA-FEB-MARZO-2026.pdf\" class=\"wp-block-file__button wp-element-button\" download aria-describedby=\"wp-block-file--media-10f1ab27-a478-4637-ba37-b31e4fb97b4e\">Descarga<\/a><\/div>\n\n\n\n<p><\/p>\n\n\n\n<p class=\"has-text-color\" style=\"color:#00447f\">PROFESORADO DE INGL\u00c9S<\/p>\n\n\n\n<div class=\"wp-block-file\"><a id=\"wp-block-file--media-eda8450c-b58e-448c-a25a-c3dc23b6953e\" href=\"https:\/\/isfd52-bue.infd.edu.ar\/sitio\/wp-content\/uploads\/2025\/12\/MESAS-DE-EXAMEN-INGLES-FEB-MARZO-2026.pdf\">MESAS-DE-EXAMEN-INGLES-FEB-MARZO-2026<\/a><a href=\"https:\/\/isfd52-bue.infd.edu.ar\/sitio\/wp-content\/uploads\/2025\/12\/MESAS-DE-EXAMEN-INGLES-FEB-MARZO-2026.pdf\" class=\"wp-block-file__button wp-element-button\" download aria-describedby=\"wp-block-file--media-eda8450c-b58e-448c-a25a-c3dc23b6953e\">Descarga<\/a><\/div>\n\n\n\n<p><\/p>\n\n\n\n<p class=\"has-text-color\" style=\"color:#00447f\">PROFESORADO T\u00c9CNICO<\/p>\n\n\n\n<div class=\"wp-block-file\"><a id=\"wp-block-file--media-ec4e5807-7e20-42be-8424-52cbd5d79fd3\" href=\"https:\/\/isfd52-bue.infd.edu.ar\/sitio\/wp-content\/uploads\/2025\/12\/MESAS-DE-EXAMEN-TECNICO-FEB-MARZO-2026.xlsx\">MESAS-DE-EXAMEN-TECNICO-FEB-MARZO-2026<\/a><a href=\"https:\/\/isfd52-bue.infd.edu.ar\/sitio\/wp-content\/uploads\/2025\/12\/MESAS-DE-EXAMEN-TECNICO-FEB-MARZO-2026.xlsx\" class=\"wp-block-file__button wp-element-button\" download aria-describedby=\"wp-block-file--media-ec4e5807-7e20-42be-8424-52cbd5d79fd3\">Descarga<\/a><\/div>\n\n\n\n<p><\/p>\n\n\n\n<p class=\"has-text-color\" style=\"color:#00447f\">PROFESORADO DE EDUCACI\u00d3N PRIMARIA TURNO MA\u00d1ANA<\/p>\n\n\n\n<div class=\"wp-block-file\"><a id=\"wp-block-file--media-23db7905-6c1d-421d-8e26-7a0b35bc39f7\" href=\"https:\/\/isfd52-bue.infd.edu.ar\/sitio\/wp-content\/uploads\/2025\/12\/MESAS-DE-EXAMEN-PRIMARIA-C-FEB-MARZO-2026.xlsx\">MESAS-DE-EXAMEN-PRIMARIA-C-FEB-MARZO-2026<\/a><a href=\"https:\/\/isfd52-bue.infd.edu.ar\/sitio\/wp-content\/uploads\/2025\/12\/MESAS-DE-EXAMEN-PRIMARIA-C-FEB-MARZO-2026.xlsx\" class=\"wp-block-file__button wp-element-button\" download aria-describedby=\"wp-block-file--media-23db7905-6c1d-421d-8e26-7a0b35bc39f7\">Descarga<\/a><\/div>\n\n\n\n<p><\/p>\n\n\n\n<p class=\"has-text-color\" style=\"color:#00447f\">PROFESORADO DE EDUCACI\u00d3N PRIMARIA TURNO VESPERTINO<\/p>\n\n\n\n<div class=\"wp-block-file\"><a id=\"wp-block-file--media-073a6713-8fe0-4040-9e78-deddfd3c5c3b\" href=\"https:\/\/isfd52-bue.infd.edu.ar\/sitio\/wp-content\/uploads\/2025\/12\/MESAS-DE-EXAMEN-PRIMARIA-A-Y-B-FEB-MARZO-2026.xlsx\">MESAS-DE-EXAMEN-PRIMARIA-A-Y-B-FEB-MARZO-2026<\/a><a href=\"https:\/\/isfd52-bue.infd.edu.ar\/sitio\/wp-content\/uploads\/2025\/12\/MESAS-DE-EXAMEN-PRIMARIA-A-Y-B-FEB-MARZO-2026.xlsx\" class=\"wp-block-file__button wp-element-button\" download aria-describedby=\"wp-block-file--media-073a6713-8fe0-4040-9e78-deddfd3c5c3b\">Descarga<\/a><\/div>\n\n\n\n<p><\/p>\n\n\n\n<p class=\"has-text-align-center has-base-3-color has-text-color has-background has-medium-font-size\" style=\"background-color:#019992\"><strong>LINKS A FORMULARIOS PARA INSCRIPCIONES PARA ACREDITACIONES LIBRES<\/strong><\/p>\n\n\n\n<p class=\"has-text-align-center has-text-color\" style=\"color:#00447f\"><strong>PROFESORADO DE ECONOM\u00cdA Res. 13271\/99 \u2013 13297\/99 \u2013 39\/03 \u2013 2789\/09 (PLAN ANTERIOR)<\/strong><\/p>\n\n\n\n<p><a href=\"https:\/\/docs.google.com\/forms\/d\/e\/1FAIpQLSd0og3-dZHrPBIP_n9kRSbJbBCSW-SGAOO9s-nqkd-qrqy8Jg\/viewform?usp=header\">https:\/\/docs.google.com\/forms\/d\/e\/1FAIpQLSd0og3-dZHrPBIP_n9kRSbJbBCSW-SGAOO9s-nqkd-qrqy8Jg\/viewform?usp=header<\/a><\/p>\n\n\n\n<p class=\"has-text-align-center has-text-color\" style=\"color:#00447f\"><strong>PROFESORADO DE ECONOM\u00cdA Res. 3606\/22 (PLAN NUEVO)<\/strong><\/p>\n\n\n\n<p><a href=\"https:\/\/docs.google.com\/forms\/d\/e\/1FAIpQLScl1GotUmjIKegNwfqDKohFYeR3fc1tio-SbK5y4GTwG0AMZg\/viewform?usp=header\">https:\/\/docs.google.com\/forms\/d\/e\/1FAIpQLScl1GotUmjIKegNwfqDKohFYeR3fc1tio-SbK5y4GTwG0AMZg\/viewform?usp=header<\/a><\/p>\n\n\n\n<p class=\"has-text-align-center has-text-color\" style=\"color:#00447f\"><strong>PROFESORADO DE INGL\u00c9S<\/strong><\/p>\n\n\n\n<p><a href=\"https:\/\/docs.google.com\/forms\/d\/e\/1FAIpQLSfpp7rsvgK7b-zd_9RVgZ2s3rF-mZ858bk7qB3AjRgUPAqfwA\/viewform?usp=header\">https:\/\/docs.google.com\/forms\/d\/e\/1FAIpQLSfpp7rsvgK7b-zd_9RVgZ2s3rF-mZ858bk7qB3AjRgUPAqfwA\/viewform?usp=header<\/a><\/p>\n\n\n\n<p class=\"has-text-align-center has-text-color\" style=\"color:#00447f\"><strong>PROFESORADO EN TECNOLOG\u00cdAS DE EQUIPOS E INSTALACIONES ELECTROMEC\u00c1NICAS RES. 362\/03 y 4554\/03 (PLAN ANTERIOR)<\/strong><\/p>\n\n\n\n<p><a href=\"https:\/\/docs.google.com\/forms\/d\/e\/1FAIpQLScEiiqBBomBZhqd9CiJRSXzZnm2DQO3T34-ZWhPA71P5s\u20132Q\/viewform?usp=header\">https:\/\/docs.google.com\/forms\/d\/e\/1FAIpQLScEiiqBBomBZhqd9CiJRSXzZnm2DQO3T34-ZWhPA71P5s\u20132Q\/viewform?usp=header<\/a><\/p>\n\n\n\n<p class=\"has-text-align-center has-text-color\" style=\"color:#00447f\"><strong>PROFESORADO DE EDUCACI\u00d3N SECUNDARIA T\u00c9CNICO PROFESIONAL EN ELECTROMEC\u00c1NICA RES. 5746\/23 (PLAN NUEVO)<\/strong><\/p>\n\n\n\n<p><a href=\"https:\/\/docs.google.com\/forms\/d\/e\/1FAIpQLScZnj7RX6ByvArODiHlAVJvjc1VZxwOnZyG5p0bn_wqCvs7sg\/viewform?usp=header\">https:\/\/docs.google.com\/forms\/d\/e\/1FAIpQLScZnj7RX6ByvArODiHlAVJvjc1VZxwOnZyG5p0bn_wqCvs7sg\/viewform?usp=header<\/a><\/p>\n\n\n\n<p class=\"has-text-align-center has-text-color\" style=\"color:#00447f\"><strong>PROFESORADO DE EDUCACI\u00d3N PRIMARIA<\/strong><\/p>\n\n\n\n<p><a href=\"https:\/\/docs.google.com\/forms\/d\/e\/1FAIpQLSdMejyzG1CUPmMUCJvSsoG92pAseUK8rh9Bz8TNTWz3aG4iYg\/viewform?usp=header\">https:\/\/docs.google.com\/forms\/d\/e\/1FAIpQLSdMejyzG1CUPmMUCJvSsoG92pAseUK8rh9Bz8TNTWz3aG4iYg\/viewform?usp=header<\/a><\/p>\n\n\n\n<p><\/p>\n","protected":false},"excerpt":{"rendered":"<p>Acreditaciones por&nbsp;EXAMEN REQUIEREN INSCRIPCI\u00d3N POR AUTOGESTI\u00d3N POR SISTEMA SADIS.&nbsp;PLAZO DE INSCRIPCI\u00d3N desde el 16\/02\/26 al 19\/02\/26 inclusive. Por cualquier inconveniente de inscripci\u00f3n podr\u00e1n consultar a sus preceptorxs referentes&nbsp;de carrera los d\u00edas 18 y 19 de febrero. Por promociones que no se hayan acreditado en ciclos lectivos anteriores consultar a las jefas de \u00e1rea\/coordinadoras de carreras. &#8230; <a title=\"MESAS DE EX\u00c1MENES FEBRERO-MARZO 2026\" class=\"read-more\" href=\"https:\/\/isfd52-bue.infd.edu.ar\/sitio\/mesas-de-examenes-febrero-marzo-2026-unico-llamado\/\" aria-label=\"More on MESAS DE EX\u00c1MENES FEBRERO-MARZO 2026\">[+]<\/a><\/p>\n","protected":false},"author":1549,"featured_media":0,"parent":0,"menu_order":0,"comment_status":"closed","ping_status":"closed","template":"","meta":[],"acf":[],"_links":{"self":[{"href":"https:\/\/isfd52-bue.infd.edu.ar\/sitio\/wp-json\/wp\/v2\/pages\/5431"}],"collection":[{"href":"https:\/\/isfd52-bue.infd.edu.ar\/sitio\/wp-json\/wp\/v2\/pages"}],"about":[{"href":"https:\/\/isfd52-bue.infd.edu.ar\/sitio\/wp-json\/wp\/v2\/types\/page"}],"author":[{"embeddable":true,"href":"https:\/\/isfd52-bue.infd.edu.ar\/sitio\/wp-json\/wp\/v2\/users\/1549"}],"replies":[{"embeddable":true,"href":"https:\/\/isfd52-bue.infd.edu.ar\/sitio\/wp-json\/wp\/v2\/comments?post=5431"}],"version-history":[{"count":8,"href":"https:\/\/isfd52-bue.infd.edu.ar\/sitio\/wp-json\/wp\/v2\/pages\/5431\/revisions"}],"predecessor-version":[{"id":5478,"href":"https:\/\/isfd52-bue.infd.edu.ar\/sitio\/wp-json\/wp\/v2\/pages\/5431\/revisions\/5478"}],"wp:attachment":[{"href":"https:\/\/isfd52-bue.infd.edu.ar\/sitio\/wp-json\/wp\/v2\/media?parent=5431"}],"curies":[{"name":"wp","href":"https:\/\/api.w.org\/{rel}","templated":true}]}}