{"id":4945,"date":"2024-03-27T09:15:50","date_gmt":"2024-03-27T12:15:50","guid":{"rendered":"https:\/\/isfd52-bue.infd.edu.ar\/sitio\/?page_id=4945"},"modified":"2024-03-27T09:15:52","modified_gmt":"2024-03-27T12:15:52","slug":"profesorado-en-educacion-secundaria-tecnico-profesional-en-electromecanica-res-5746-23","status":"publish","type":"page","link":"https:\/\/isfd52-bue.infd.edu.ar\/sitio\/profesorado-en-educacion-secundaria-tecnico-profesional-en-electromecanica-res-5746-23\/","title":{"rendered":"Profesorado en Educaci\u00f3n Secundaria T\u00e9cnico Profesional en Electromec\u00e1nica  Res 5746\/23"},"content":{"rendered":"\n<p><\/p>\n\n\n\n<p class=\"has-medium-font-size\"><strong>DISE\u00d1O CURRICULAR<\/strong><\/p>\n\n\n\n<div class=\"wp-block-file\"><a id=\"wp-block-file--media-23632875-7d32-4a62-860d-90b67be67c4b\" href=\"https:\/\/isfd52-bue.infd.edu.ar\/sitio\/wp-content\/uploads\/2024\/03\/Electromecanica-IF-2023-49138101-GDEBA-CGCYEDGCYE.pdf\">Electromecanica-IF-2023-49138101-GDEBA-CGCYEDGCYE<\/a><a href=\"https:\/\/isfd52-bue.infd.edu.ar\/sitio\/wp-content\/uploads\/2024\/03\/Electromecanica-IF-2023-49138101-GDEBA-CGCYEDGCYE.pdf\" class=\"wp-block-file__button wp-element-button\" download aria-describedby=\"wp-block-file--media-23632875-7d32-4a62-860d-90b67be67c4b\">Descarga<\/a><\/div>\n\n\n\n<p><\/p>\n\n\n\n<p class=\"has-medium-font-size\"><strong>RESOLUCI\u00d3N 5746\/23<\/strong><\/p>\n\n\n\n<div class=\"wp-block-file\"><a id=\"wp-block-file--media-9ec02b63-0840-4a0e-92c7-74a89626511a\" href=\"https:\/\/isfd52-bue.infd.edu.ar\/sitio\/wp-content\/uploads\/2024\/03\/Res-5746-23-Electromecanica.pdf\">Res-5746-23-Electromecanica<\/a><a href=\"https:\/\/isfd52-bue.infd.edu.ar\/sitio\/wp-content\/uploads\/2024\/03\/Res-5746-23-Electromecanica.pdf\" class=\"wp-block-file__button wp-element-button\" download aria-describedby=\"wp-block-file--media-9ec02b63-0840-4a0e-92c7-74a89626511a\">Descarga<\/a><\/div>\n","protected":false},"excerpt":{"rendered":"<p>DISE\u00d1O CURRICULAR RESOLUCI\u00d3N 5746\/23<\/p>\n","protected":false},"author":1549,"featured_media":0,"parent":0,"menu_order":0,"comment_status":"closed","ping_status":"closed","template":"","meta":[],"acf":[],"_links":{"self":[{"href":"https:\/\/isfd52-bue.infd.edu.ar\/sitio\/wp-json\/wp\/v2\/pages\/4945"}],"collection":[{"href":"https:\/\/isfd52-bue.infd.edu.ar\/sitio\/wp-json\/wp\/v2\/pages"}],"about":[{"href":"https:\/\/isfd52-bue.infd.edu.ar\/sitio\/wp-json\/wp\/v2\/types\/page"}],"author":[{"embeddable":true,"href":"https:\/\/isfd52-bue.infd.edu.ar\/sitio\/wp-json\/wp\/v2\/users\/1549"}],"replies":[{"embeddable":true,"href":"https:\/\/isfd52-bue.infd.edu.ar\/sitio\/wp-json\/wp\/v2\/comments?post=4945"}],"version-history":[{"count":1,"href":"https:\/\/isfd52-bue.infd.edu.ar\/sitio\/wp-json\/wp\/v2\/pages\/4945\/revisions"}],"predecessor-version":[{"id":4948,"href":"https:\/\/isfd52-bue.infd.edu.ar\/sitio\/wp-json\/wp\/v2\/pages\/4945\/revisions\/4948"}],"wp:attachment":[{"href":"https:\/\/isfd52-bue.infd.edu.ar\/sitio\/wp-json\/wp\/v2\/media?parent=4945"}],"curies":[{"name":"wp","href":"https:\/\/api.w.org\/{rel}","templated":true}]}}