{"id":286,"date":"2016-10-31T13:17:59","date_gmt":"2016-10-31T16:17:59","guid":{"rendered":"https:\/\/isfd52-bue.infd.edu.ar\/sitio\/?page_id=286"},"modified":"2026-04-01T16:02:09","modified_gmt":"2026-04-01T19:02:09","slug":"inicio","status":"publish","type":"page","link":"https:\/\/isfd52-bue.infd.edu.ar\/sitio\/","title":{"rendered":"Inicio"},"content":{"rendered":"<div id=\"metaslider-id-403\" style=\"width: 100%; margin: 0 auto;\" class=\"ml-slider-3-33-0 metaslider metaslider-flex metaslider-403 ml-slider ms-theme-default\" role=\"region\" aria-roledescription=\"Slideshow\" aria-label=\"Slideshow\">\n    <div id=\"metaslider_container_403\">\n        <div id=\"metaslider_403\" class=\"flexslider\">\n            <ul aria-live=\"polite\" class=\"slides\">\n                <li style=\"display: none; width: 100%;\" class=\"slide-3449 ms-image\" aria-roledescription=\"slide\" aria-label=\"slide-3449\"><img src=\"https:\/\/isfd52-bue.infd.edu.ar\/sitio\/wp-content\/uploads\/2020\/09\/2.png\" height=\"400\" width=\"1200\" alt=\"\" class=\"slider-403 slide-3449\" title=\"2\" \/><\/li>\n                <li style=\"display: none; width: 100%;\" class=\"slide-2783 ms-image\" aria-roledescription=\"slide\" aria-label=\"slide-2783\"><img src=\"https:\/\/isfd52-bue.infd.edu.ar\/sitio\/wp-content\/uploads\/2019\/11\/BANNER-05-1200x400.png\" height=\"400\" width=\"1200\" alt=\"\" class=\"slider-403 slide-2783\" title=\"BANNER 05\" \/><\/li>\n                <li style=\"display: none; width: 100%;\" class=\"slide-1726 ms-image\" aria-roledescription=\"slide\" aria-label=\"slide-1726\"><img src=\"https:\/\/isfd52-bue.infd.edu.ar\/sitio\/wp-content\/uploads\/2019\/11\/banner01-1200x400.png\" height=\"400\" width=\"1200\" alt=\"\" class=\"slider-403 slide-1726\" title=\"banner01\" \/><div class=\"caption-wrap\"><div class=\"caption\">La comunidad educativa del 52<\/div><\/div><\/li>\n                <li style=\"display: none; width: 100%;\" class=\"slide-1728 ms-image\" aria-roledescription=\"slide\" aria-label=\"slide-1728\"><img src=\"https:\/\/isfd52-bue.infd.edu.ar\/sitio\/wp-content\/uploads\/2019\/11\/banner-03-1200x400.png\" height=\"400\" width=\"1200\" alt=\"\" class=\"slider-403 slide-1728\" title=\"banner 03\" \/><div class=\"caption-wrap\"><div class=\"caption\">La comunidad educativa del 52<\/div><\/div><\/li>\n                <li style=\"display: none; width: 100%;\" class=\"slide-1736 ms-image\" aria-roledescription=\"slide\" aria-label=\"slide-1736\"><img src=\"https:\/\/isfd52-bue.infd.edu.ar\/sitio\/wp-content\/uploads\/2018\/09\/52-slide-7-960x320.jpg\" height=\"400\" width=\"1200\" alt=\"\" class=\"slider-403 slide-1736\" title=\"52 slide 7\" \/><div class=\"caption-wrap\"><div class=\"caption\">La comunidad educativa del 52<\/div><\/div><\/li>\n                <li style=\"display: none; width: 100%;\" class=\"slide-2776 ms-image\" aria-roledescription=\"slide\" aria-label=\"slide-2776\"><img src=\"https:\/\/isfd52-bue.infd.edu.ar\/sitio\/wp-content\/uploads\/2019\/11\/banner02-1200x400.png\" height=\"400\" width=\"1200\" alt=\"\" class=\"slider-403 slide-2776\" title=\"banner02\" \/><\/li>\n                <li style=\"display: none; width: 100%;\" class=\"slide-3451 ms-image\" aria-roledescription=\"slide\" aria-label=\"slide-3451\"><img src=\"https:\/\/isfd52-bue.infd.edu.ar\/sitio\/wp-content\/uploads\/2020\/09\/2.png\" height=\"400\" width=\"1200\" alt=\"\" class=\"slider-403 slide-3451\" title=\"2\" \/><\/li>\n                <li style=\"display: none; width: 100%;\" class=\"slide-1740 ms-image\" aria-roledescription=\"slide\" aria-label=\"slide-1740\"><img src=\"https:\/\/isfd52-bue.infd.edu.ar\/sitio\/wp-content\/uploads\/2018\/09\/52-slide-9-960x320.jpg\" height=\"400\" width=\"1200\" alt=\"\" class=\"slider-403 slide-1740\" title=\"52 slide 9\" \/><div class=\"caption-wrap\"><div class=\"caption\">La comunidad educativa del 52<\/div><\/div><\/li>\n                <li style=\"display: none; width: 100%;\" class=\"slide-2779 ms-image\" aria-roledescription=\"slide\" aria-label=\"slide-2779\"><img src=\"https:\/\/isfd52-bue.infd.edu.ar\/sitio\/wp-content\/uploads\/2019\/11\/banner04-1200x400.png\" height=\"400\" width=\"1200\" alt=\"\" class=\"slider-403 slide-2779\" title=\"banner04\" \/><\/li>\n                <li style=\"display: none; width: 100%;\" class=\"slide-1742 ms-image\" aria-roledescription=\"slide\" aria-label=\"slide-1742\"><img src=\"https:\/\/isfd52-bue.infd.edu.ar\/sitio\/wp-content\/uploads\/2018\/09\/52-slide-10-960x320.jpg\" height=\"400\" width=\"1200\" alt=\"\" class=\"slider-403 slide-1742\" title=\"52 slide 10\" \/><div class=\"caption-wrap\"><div class=\"caption\">La comunidad educativa del 52<\/div><\/div><\/li>\n                <li style=\"display: none; width: 100%;\" class=\"slide-2781 ms-image\" aria-roledescription=\"slide\" aria-label=\"slide-2781\"><img src=\"https:\/\/isfd52-bue.infd.edu.ar\/sitio\/wp-content\/uploads\/2019\/11\/FESTIVAL-1200x400.png\" height=\"400\" width=\"1200\" alt=\"\" class=\"slider-403 slide-2781\" title=\"FESTIVAL\" \/><\/li>\n            <\/ul>\n        <\/div>\n        \n    <\/div>\n<\/div>\n<h1 style=\"text-align: center;\"><strong>INGRESANTES 2026<\/strong><\/h1>\n<p style=\"text-align: center;\">CLICKE\u00c1:<\/p>\n<h2 style=\"text-align: center;\"><a href=\"https:\/\/isfd52-bue.infd.edu.ar\/sitio\/inscripcion-ciclo-lectivo-2024\/\">+ INFO<\/a><\/h2>\n<h3 style=\"text-align: center;\"><a href=\"https:\/\/isfd52-bue.infd.edu.ar\/aula\/acceso.cgi\"><strong>ACCESO AL CAMPUS VIRTUAL<\/strong><\/a><\/h3>\n<div style=\"text-align: left; width: 400px;\">\u00a0<\/div>\n<div><img decoding=\"async\" loading=\"lazy\" class=\"wp-image-3460  aligncenter\" src=\"https:\/\/isfd52-bue.infd.edu.ar\/sitio\/wp-content\/uploads\/2020\/09\/Consejos-pr\u00e1cticosde-belleza.png\" alt=\"\" width=\"699\" height=\"262\" srcset=\"https:\/\/isfd52-bue.infd.edu.ar\/sitio\/wp-content\/uploads\/2020\/09\/Consejos-pr\u00e1cticosde-belleza.png 800w, https:\/\/isfd52-bue.infd.edu.ar\/sitio\/wp-content\/uploads\/2020\/09\/Consejos-pr\u00e1cticosde-belleza-768x288.png 768w\" sizes=\"(max-width: 699px) 100vw, 699px\" \/><\/div>\n<div>\n<p style=\"text-align: center;\">\u00a0<\/p>\n<\/div>\n<div>\n<p style=\"text-align: center;\"><span style=\"color: #003366;\"><strong><span style=\"font-size: 12pt;\"><span style=\"font-family: arial,helvetica,sans-serif;\">El Instituto Superior de Formaci\u00f3n Docente y T\u00e9cnica 52: \u201cMaestro Francisco Isauro Arancibia\u201d de San Isidro, <\/span><\/span><\/strong><\/span><\/p>\n<p style=\"text-align: center;\"><span style=\"color: #003366;\"><strong><span style=\"font-size: 12pt;\"><span style=\"font-family: arial,helvetica,sans-serif;\">es una de las instituciones de Educaci\u00f3n Superior, dependientes del Sistema Educativo, <\/span><\/span><\/strong><strong><span style=\"font-size: 12pt;\"><span style=\"font-family: arial,helvetica,sans-serif;\">gestionadas por el <\/span><\/span><\/strong><\/span><\/p>\n<p style=\"text-align: center;\"><span style=\"color: #003366;\"><strong><span style=\"font-size: 12pt;\"><span style=\"font-family: arial,helvetica,sans-serif;\">Estado de la Provincia de Buenos Aires.<\/span><\/span><\/strong><\/span><\/p>\n<p style=\"text-align: center;\"><span style=\"font-size: 12pt; color: #003366;\"><span style=\"font-family: arial,helvetica,sans-serif;\">Se encuentra ubicado en la regi\u00f3n VI y junto con los ISFD N\u00ba 77 de Munro, ISFD T N\u00b0 220 de Munro, ISFD N\u00ba 39 de Vicente L\u00f3pez, ISFD N\u00ba 117 de San Fernando, ISFT N\u00b0 217 de San Fernando, ISFT N\u00b0 199 de Tigre e ISFD y T N\u00ba 140 de Tigre<\/span><\/span><span style=\"font-size: 12pt; color: #003366;\"><span style=\"font-family: arial,helvetica,sans-serif;\"> conforman la red de Institutos de la zona norte del gran Bs. As.<\/span><\/span><\/p>\n<p style=\"text-align: center;\"><span style=\"font-size: 12pt; color: #003366;\"><span style=\"font-family: arial,helvetica,sans-serif;\">A trav\u00e9s de este sitio en Internet, nuestro Instituto comunicar\u00e1 novedades, acercar\u00e1 informaci\u00f3n, <\/span><\/span><\/p>\n<p style=\"text-align: center;\"><span style=\"font-size: 12pt; color: #003366;\"><span style=\"font-family: arial,helvetica,sans-serif;\">compartir\u00e1 experiencias y brindar\u00e1 apoyo y asesoramiento a <\/span><\/span><\/p>\n<p style=\"text-align: center;\"><span style=\"font-size: 12pt; color: #003366;\"><span style=\"font-family: arial,helvetica,sans-serif;\">estudiantes, docentes e interesados en formar parte de esta comunidad educativa.<\/span><\/span><\/p>\n<p style=\"text-align: center;\"><span style=\"font-size: 10pt; color: #003366;\"><span style=\"font-family: arial,helvetica,sans-serif;\">\u00a0<\/span><\/span><\/p>\n<p style=\"text-align: center;\"><span style=\"color: #003366;\"><span style=\"font-size: 10pt;\"><span style=\"font-family: arial,helvetica,sans-serif;\"><span style=\"font-size: 12pt;\">Junto con varios cientos de Institutos, integramos <\/span><\/span><\/span><\/span><\/p>\n<p style=\"text-align: center;\"><span style=\"color: #003366;\"><span style=\"font-size: 10pt;\"><span style=\"font-family: arial,helvetica,sans-serif;\"><span style=\"font-size: 12pt;\">la <a href=\"https:\/\/red.infd.edu.ar\/que-es-la-red\/\"><strong><em>Red Virtual de Institutos Superiores de Formaci\u00f3n Docente<\/em><\/strong> <\/a><\/span><\/span><\/span><\/span><\/p>\n<p style=\"text-align: center;\"><span style=\"color: #003366;\"><span style=\"font-size: 10pt;\"><span style=\"font-family: arial,helvetica,sans-serif;\"><span style=\"font-size: 12pt;\">coordinada por el <strong>INFOD<\/strong> (Instituto Nacional de Formaci\u00f3n Docente) <\/span><\/span><\/span><\/span><\/p>\n<p style=\"text-align: center;\"><span style=\"color: #003366;\"><span style=\"font-size: 10pt;\"><span style=\"font-family: arial,helvetica,sans-serif;\"><span style=\"font-size: 12pt;\">dependiente del Ministerio de Educaci\u00f3n de la Naci\u00f3n Argentina.<\/span><\/span><\/span><span style=\"font-family: arial, helvetica, sans-serif; font-size: 12pt;\">\u00a0<\/span><\/span><\/p>\n<\/div>\n<hr \/>\n<p><a href=\"http:\/\/190.30.105.28\/SistemaOnline\/alumnos\/\"><img decoding=\"async\" loading=\"lazy\" class=\"aligncenter\" src=\"https:\/\/isfd52-bue.infd.edu.ar\/sitio\/wp-content\/uploads\/2018\/08\/SADIS_LOGO_ESTUDIANTES.png\" alt=\"\" width=\"413\" height=\"329\" \/><\/a>\u00a0<\/p>\n<p>&nbsp;<\/p>\n<p>\u00a0 \u00a0 \u00a0 \u00a0 \u00a0 \u00a0 \u00a0 \u00a0 \u00a0 \u00a0 \u00a0<a href=\"http:\/\/190.30.105.28\/SistemaOnline\/profesores\/\"><img decoding=\"async\" loading=\"lazy\" class=\"aligncenter\" src=\"https:\/\/isfd52-bue.infd.edu.ar\/sitio\/wp-content\/uploads\/2018\/08\/SADIS_LOGO_DOCENTES.png\" alt=\"\" width=\"414\" height=\"330\" \/><\/a><\/p>\n<p>&nbsp;<\/p>\n<p>&nbsp;<\/p>\n<p>&nbsp;<\/p>\n<p>&nbsp;<\/p>\n<p>&nbsp;<\/p>\n<p>&nbsp;<\/p>\n<p>&nbsp;<\/p>\n<p>&nbsp;<\/p>\n<p>&nbsp;<\/p>\n<p>&nbsp;<\/p>\n<table class=\"diff\">\n<tbody>\n<tr>\n<td class=\"diff-addedline\"><style>.wp-show-posts-columns#wpsp-383 {margin-left: -2em; }.wp-show-posts-columns#wpsp-383 .wp-show-posts-inner {margin: 0 0 2em 2em; }<\/style><section id=\"wpsp-383\" class=\" wp-show-posts-columns wp-show-posts\" style=\"\"><article class=\" wp-show-posts-single post-4331 post type-post status-publish format-standard hentry category-sin-categoria wpsp-col-4\" itemtype=\"http:\/\/schema.org\/CreativeWork\" itemscope><div class=\"wp-show-posts-inner\" style=\"\">\t\t\t\t\t\t<header class=\"wp-show-posts-entry-header\">\n\t\t\t\t\t\t\t<h2 class=\"wp-show-posts-entry-title\" itemprop=\"headline\"><a href=\"https:\/\/isfd52-bue.infd.edu.ar\/sitio\/24-de-marzo-jornada-x-la-memoria\/\" rel=\"bookmark\">24 de Marzo &#8211; Jornada x La Memoria<\/a><\/h2>\t\t\t\t\t\t<\/header><!-- .entry-header -->\n\t\t\t\t\t\t\t\t\t\t\t<div class=\"wp-show-posts-entry-summary\" itemprop=\"text\">\n\t\t\t\t\t\t\t<p>El martes 22 de Marzo, la C\u00e1tedra Libre de Pensamiento Latinoamericano organiz\u00f3 y realiz\u00f3 una actividad de conmemoraci\u00f3n por el D\u00eda de la Memoria por la Verdad y la Justicia&#8230;<\/p>\n\t\t\t\t\t\t<\/div><!-- .entry-summary -->\n\t\t\t\t\t<\/div><!-- wp-show-posts-inner --><\/article><article class=\" wp-show-posts-single post-4164 post type-post status-publish format-standard hentry category-sin-categoria wpsp-col-4\" itemtype=\"http:\/\/schema.org\/CreativeWork\" itemscope><div class=\"wp-show-posts-inner\" style=\"\">\t\t\t\t\t\t<header class=\"wp-show-posts-entry-header\">\n\t\t\t\t\t\t\t<h2 class=\"wp-show-posts-entry-title\" itemprop=\"headline\"><a href=\"https:\/\/isfd52-bue.infd.edu.ar\/sitio\/esi-derechos-y-formacion-docente-cat-libre\/\" rel=\"bookmark\">Esi, Derechos y Formaci\u00f3n Docente . C\u00e1t libre<\/a><\/h2>\t\t\t\t\t\t<\/header><!-- .entry-header -->\n\t\t\t\t\t\t\t\t\t\t\t<div class=\"wp-show-posts-entry-summary\" itemprop=\"text\">\n\t\t\t\t\t\t\t\t\t\t\t\t\t<\/div><!-- .entry-summary -->\n\t\t\t\t\t<\/div><!-- wp-show-posts-inner --><\/article><article class=\" wp-show-posts-single post-4119 post type-post status-publish format-standard hentry category-sin-categoria wpsp-col-4\" itemtype=\"http:\/\/schema.org\/CreativeWork\" itemscope><div class=\"wp-show-posts-inner\" style=\"\">\t\t\t\t\t\t<header class=\"wp-show-posts-entry-header\">\n\t\t\t\t\t\t\t<h2 class=\"wp-show-posts-entry-title\" itemprop=\"headline\"><a href=\"https:\/\/isfd52-bue.infd.edu.ar\/sitio\/programa-para-la-intensificacion-de-la-ensenanza-atr\/\" rel=\"bookmark\">PROGRAMA PARA LA INTENSIFICACI\u00d3N DE LA ENSE\u00d1ANZA \u201c+ATR\u201d<\/a><\/h2>\t\t\t\t\t\t<\/header><!-- .entry-header -->\n\t\t\t\t\t\t\t\t\t\t\t<div class=\"wp-show-posts-entry-summary\" itemprop=\"text\">\n\t\t\t\t\t\t\t<p>Compartimos RESOLUCI\u00d3N DEL PROGRAMA PARA LAINTENSIFICACI\u00d3N DE LA ENSE\u00d1ANZA \u201c+ATR\u201d<\/p>\n\t\t\t\t\t\t<\/div><!-- .entry-summary -->\n\t\t\t\t\t<\/div><!-- wp-show-posts-inner --><\/article><article class=\" wp-show-posts-single post-4117 post type-post status-publish format-standard hentry category-sin-categoria wpsp-col-4\" itemtype=\"http:\/\/schema.org\/CreativeWork\" itemscope><div class=\"wp-show-posts-inner\" style=\"\">\t\t\t\t\t\t<header class=\"wp-show-posts-entry-header\">\n\t\t\t\t\t\t\t<h2 class=\"wp-show-posts-entry-title\" itemprop=\"headline\"><a href=\"https:\/\/isfd52-bue.infd.edu.ar\/sitio\/coberturas-atr-san-isidro-25-9\/\" rel=\"bookmark\">Coberturas + ATR &#8211; San Isidro &#8211; 25\/9<\/a><\/h2>\t\t\t\t\t\t<\/header><!-- .entry-header -->\n\t\t\t\t\t\t\t\t\t\t\t<div class=\"wp-show-posts-entry-summary\" itemprop=\"text\">\n\t\t\t\t\t\t\t<p>El d\u00eda 28\/9 se llevara adelante el APD de ATR+. Ya est\u00e1n publicados los cargos en la pagina de abc Se podr\u00e1n postular hasta el 25\/9 a las 10 hs<\/p>\n\t\t\t\t\t\t<\/div><!-- .entry-summary -->\n\t\t\t\t\t<\/div><!-- wp-show-posts-inner --><\/article><div class=\"wpsp-clear\"><\/div><\/section><!-- .wp-show-posts --><\/td>\n<\/tr>\n<\/tbody>\n<\/table>\n<p><a href=\"https:\/\/sites.google.com\/abc.gob.ar\/ciiesanisidro\/inicio?authuser=0\"><img decoding=\"async\" loading=\"lazy\" class=\" wp-image-3957 aligncenter\" src=\"https:\/\/isfd52-bue.infd.edu.ar\/sitio\/wp-content\/uploads\/2021\/06\/placa_ciie_si.jpg\" alt=\"\" width=\"299\" height=\"172\" \/><\/a><\/p>\n<h4 style=\"text-align: center;\"><a href=\"https:\/\/sites.google.com\/abc.gob.ar\/ciiesanisidro\/inicio?authuser=0\">https:\/\/sites.google.com\/abc.gob.ar\/ciiesanisidro\/inicio?authuser=0<\/a><\/h4>\n","protected":false},"excerpt":{"rendered":"<p>INGRESANTES 2026 CLICKE\u00c1: + INFO ACCESO AL CAMPUS VIRTUAL \u00a0 \u00a0 El Instituto Superior de Formaci\u00f3n Docente y T\u00e9cnica 52: \u201cMaestro Francisco Isauro Arancibia\u201d de San Isidro, es una de las instituciones de Educaci\u00f3n Superior, dependientes del Sistema Educativo, gestionadas por el Estado de la Provincia de Buenos Aires. Se encuentra ubicado en la regi\u00f3n &#8230; <a title=\"Coberturas + ATR &#8211; San Isidro &#8211; 25\/9\" class=\"read-more\" href=\"https:\/\/isfd52-bue.infd.edu.ar\/sitio\/coberturas-atr-san-isidro-25-9\/\" aria-label=\"More on Coberturas + ATR &#8211; San Isidro &#8211; 25\/9\">[+]<\/a><\/p>\n","protected":false},"author":1,"featured_media":0,"parent":0,"menu_order":0,"comment_status":"closed","ping_status":"closed","template":"","meta":[],"acf":[],"_links":{"self":[{"href":"https:\/\/isfd52-bue.infd.edu.ar\/sitio\/wp-json\/wp\/v2\/pages\/286"}],"collection":[{"href":"https:\/\/isfd52-bue.infd.edu.ar\/sitio\/wp-json\/wp\/v2\/pages"}],"about":[{"href":"https:\/\/isfd52-bue.infd.edu.ar\/sitio\/wp-json\/wp\/v2\/types\/page"}],"author":[{"embeddable":true,"href":"https:\/\/isfd52-bue.infd.edu.ar\/sitio\/wp-json\/wp\/v2\/users\/1"}],"replies":[{"embeddable":true,"href":"https:\/\/isfd52-bue.infd.edu.ar\/sitio\/wp-json\/wp\/v2\/comments?post=286"}],"version-history":[{"count":245,"href":"https:\/\/isfd52-bue.infd.edu.ar\/sitio\/wp-json\/wp\/v2\/pages\/286\/revisions"}],"predecessor-version":[{"id":5516,"href":"https:\/\/isfd52-bue.infd.edu.ar\/sitio\/wp-json\/wp\/v2\/pages\/286\/revisions\/5516"}],"wp:attachment":[{"href":"https:\/\/isfd52-bue.infd.edu.ar\/sitio\/wp-json\/wp\/v2\/media?parent=286"}],"curies":[{"name":"wp","href":"https:\/\/api.w.org\/{rel}","templated":true}]}}