{"id":2477,"date":"2019-08-30T11:01:18","date_gmt":"2019-08-30T14:01:18","guid":{"rendered":"https:\/\/isfd52-bue.infd.edu.ar\/sitio\/?page_id=2477"},"modified":"2019-08-30T11:01:18","modified_gmt":"2019-08-30T14:01:18","slug":"acta-del-dia-28-de-agosto-de-2019","status":"publish","type":"page","link":"https:\/\/isfd52-bue.infd.edu.ar\/sitio\/acta-del-dia-28-de-agosto-de-2019\/","title":{"rendered":"Acta del d\u00eda 28 de agosto de 2019"},"content":{"rendered":"<p style=\"font-weight: 400;\"><strong>Reuni\u00f3n de Consejo Regional de Directores \u2013 Regi\u00f3n VI<\/strong><\/p>\n<p style=\"font-weight: 400;\">San Fernando 28 de agosto de 2019<\/p>\n<p style=\"font-weight: 400;\">Se encuentran presentes: J. Luis Bidegain (Dir. del ISFDyT N\u00ba 77), Roberto Rossemblum (Reg. ISFDyT N\u00ba 77), Silvia L\u00f3pez (Dir. ISFD N\u00ba 117) Sandra Su\u00e1rez (Dir. ISFDyT N\u00ba 52) Arsenio Gonz\u00e1lez (Reg. Del ISFT N\u00ba 199) Julieta Dobal (Dir. ISFT N\u00ba 220, Claudio Glejzer (Dir. ISFD N\u00ba 140), \u00c1gata Converti (Reg. ISFD N\u00ba 39), Daniel Bustos (ViceDir ISFD N\u00ba 39)<\/p>\n<p style=\"font-weight: 400;\">Al comienzo de la reuni\u00f3n se encontr\u00f3 presente la Sra. Referente de COPRET\u00a0\u00a0de la Regi\u00f3n Lorena Maetakaya quien realiz\u00f3 intercambios de presentaci\u00f3n y articulaci\u00f3n con los equipos de institutos que poseen carreras t\u00e9cnicas.<\/p>\n<p style=\"font-weight: 400;\">Se realiza presentaci\u00f3n de la nueva conformaci\u00f3n de Equipos Directivos de los Institutos de la Regi\u00f3n que luego de las acciones desprendidas de la toma de posesi\u00f3n de Directivos Titulares quedan conformados de la siguiente forma:<\/p>\n<p style=\"font-weight: 400;\">ISFT N\u00aa 199 \u2013 Arsenio Gonzalez (Dir. a cargo)<\/p>\n<p style=\"font-weight: 400;\">ISFDyT N\u00ba 140 \u2013 Claudio Glejzer (Dir) Karina Petrasso (Reg)<\/p>\n<p style=\"font-weight: 400;\">ISFD N\u00ba 117 \u2013 Silvia L\u00f3pez (Dir) Rosana Sfeir (VD) Karina Petrasso (Reg)<\/p>\n<p style=\"font-weight: 400;\">ISFDyT N\u00ba 52 \u2013 Sandra Su\u00e1rez (Dir), Isabel Vazquez (VD), Jorge \u00c1lvarez (Reg)<\/p>\n<p style=\"font-weight: 400;\">ISFDyT N\u00ba 77 \u2013 Luis Bidegain (Dir), Roberto Rossemblum (Reg)<\/p>\n<p style=\"font-weight: 400;\">ISFD N\u00ba 39 \u2013 Silvina Pissani (Dir) Daniel Bustos (VD), \u00c1gata Converti (Reg)<\/p>\n<p style=\"font-weight: 400;\">ISFD N\u00ba 220 \u2013 Julieta Dobal (Dir)<\/p>\n<p style=\"font-weight: 400;\">Luis Bidegain manifiesta la importancia de que en la medida de lo posible participen dos directivos de las reuniones del consejo a fin de facilitar la continuidad de trabajo del consejo y de flujo de informaci\u00f3n hacia las instituciones.<\/p>\n<p style=\"font-weight: 400;\">Se trata a continuaci\u00f3n oferta Educativa<\/p>\n<p style=\"font-weight: 400;\">ISFDyT N\u00ba 199 En su sede mantiene oferta 2019 y en extensi\u00f3n Vicente L\u00f3pez abre 3er a\u00f1o de la Tecnicatura en Electricidad por crecimiento vegetativo.<\/p>\n<p style=\"font-weight: 400;\">ISFT N\u00ba 220 Mantiene Tecnicatura en Seguridad e Higiene en el vespertino y solicita apertura de T\u00e9cnico en Bromatolog\u00eda y\/o Maestro mayor de obras y\/o Alimentos de acuerdo lo que la Direcci\u00f3n convers\u00f3 con la Direcci\u00f3n Central.<\/p>\n<p style=\"font-weight: 400;\">ISFD N\u00ba 140 Mantiene oferta de 2019 y cierra 3do a\u00f1os de la Tecnicatura en Gesti\u00f3n Ambiental y abre 2do a\u00f1o del Profesorado de Educaci\u00f3n Secundaria en Matem\u00e1tica.<\/p>\n<p style=\"font-weight: 400;\">ISFD N\u00ba 39 Mantiene oferta de 2019 y solicita apertura de 4to a\u00f1o de del Profesorado de Educaci\u00f3n F\u00edsica<\/p>\n<p style=\"font-weight: 400;\">ISFDyT N\u00ba 77 Mantiene oferta de 2019 y solicita apertura en el turno tarde el Profesorado de Ingl\u00e9s<\/p>\n<p style=\"font-weight: 400;\">ISFD N\u00ba 117 Mantiene oferta de 2019<\/p>\n<p style=\"font-weight: 400;\">ISFD N\u00ba 52 Mantiene Oferta de 2019 y sostiene la apertura 2019 de 1\u00ba C del Profesorado de Ingl\u00e9s<\/p>\n<p style=\"font-weight: 400;\">ISFT N\u00ba 217 Mantiene oferta de 2019<\/p>\n<p style=\"font-weight: 400;\">Se ratifica la necesidad de sostener el Trayecto de Formaci\u00f3n Pedag\u00f3gica conforme a la realidad de la regi\u00f3n y la alta demanda de inscripci\u00f3n.<\/p>\n<p style=\"font-weight: 400;\">Luis Bidegain centralizar\u00e1 la recepci\u00f3n de las planillas de las ofertas para su posterior elevaci\u00f3n.<\/p>\n<p style=\"font-weight: 400;\">Julieta Dobal consulta al consejo por montos sugeridos de cuota anual de cooperadora. Se le informa los montos que se estipularon en cada Instituto a modo de orientaci\u00f3n.<\/p>\n<p><br style=\"font-weight: 400;\" \/><span style=\"font-weight: 400;\">Pr\u00f3xima reuni\u00f3n 25 de septiembre<\/span><\/p>\n","protected":false},"excerpt":{"rendered":"<p>Reuni\u00f3n de Consejo Regional de Directores \u2013 Regi\u00f3n VI San Fernando 28 de agosto de 2019 Se encuentran presentes: J. Luis Bidegain (Dir. del ISFDyT N\u00ba 77), Roberto Rossemblum (Reg. ISFDyT N\u00ba 77), Silvia L\u00f3pez (Dir. ISFD N\u00ba 117) Sandra Su\u00e1rez (Dir. ISFDyT N\u00ba 52) Arsenio Gonz\u00e1lez (Reg. Del ISFT N\u00ba 199) Julieta Dobal (Dir. &#8230; <a title=\"Acta del d\u00eda 28 de agosto de 2019\" class=\"read-more\" href=\"https:\/\/isfd52-bue.infd.edu.ar\/sitio\/acta-del-dia-28-de-agosto-de-2019\/\" aria-label=\"More on Acta del d\u00eda 28 de agosto de 2019\">[+]<\/a><\/p>\n","protected":false},"author":477,"featured_media":0,"parent":0,"menu_order":0,"comment_status":"closed","ping_status":"closed","template":"","meta":[],"acf":[],"_links":{"self":[{"href":"https:\/\/isfd52-bue.infd.edu.ar\/sitio\/wp-json\/wp\/v2\/pages\/2477"}],"collection":[{"href":"https:\/\/isfd52-bue.infd.edu.ar\/sitio\/wp-json\/wp\/v2\/pages"}],"about":[{"href":"https:\/\/isfd52-bue.infd.edu.ar\/sitio\/wp-json\/wp\/v2\/types\/page"}],"author":[{"embeddable":true,"href":"https:\/\/isfd52-bue.infd.edu.ar\/sitio\/wp-json\/wp\/v2\/users\/477"}],"replies":[{"embeddable":true,"href":"https:\/\/isfd52-bue.infd.edu.ar\/sitio\/wp-json\/wp\/v2\/comments?post=2477"}],"version-history":[{"count":1,"href":"https:\/\/isfd52-bue.infd.edu.ar\/sitio\/wp-json\/wp\/v2\/pages\/2477\/revisions"}],"predecessor-version":[{"id":2478,"href":"https:\/\/isfd52-bue.infd.edu.ar\/sitio\/wp-json\/wp\/v2\/pages\/2477\/revisions\/2478"}],"wp:attachment":[{"href":"https:\/\/isfd52-bue.infd.edu.ar\/sitio\/wp-json\/wp\/v2\/media?parent=2477"}],"curies":[{"name":"wp","href":"https:\/\/api.w.org\/{rel}","templated":true}]}}