{"id":2314,"date":"2019-05-20T15:35:12","date_gmt":"2019-05-20T18:35:12","guid":{"rendered":"https:\/\/isfd52-bue.infd.edu.ar\/sitio\/?page_id=2314"},"modified":"2019-06-04T18:14:50","modified_gmt":"2019-06-04T21:14:50","slug":"conferencia-las-variedades-del-espanol-en-la-clase-de-practicas-del-lenguaje-entre-los-prejuicios-y-la-gramatica-escolar-lunes-10-de-junio-de-2019","status":"publish","type":"page","link":"https:\/\/isfd52-bue.infd.edu.ar\/sitio\/conferencia-las-variedades-del-espanol-en-la-clase-de-practicas-del-lenguaje-entre-los-prejuicios-y-la-gramatica-escolar-lunes-10-de-junio-de-2019\/","title":{"rendered":"Conferencia: \u00abLas variedades del espa\u00f1ol en la clase de Pr\u00e1cticas del lenguaje, entre los prejuicios y la gram\u00e1tica escolar\u00bb Lunes 10 de junio de 2019"},"content":{"rendered":"<p style=\"text-align: center;\"><span style=\"font-size: 1.25rem;\">ISFDyT 52: Proyecto \u00abHacia una Nueva Pedagog\u00eda de la Formaci\u00f3n: propuestas para el desarrollo profesional docente aut\u00f3nomo\u00bb\u00a0<\/span><\/p>\n<p style=\"text-align: center;\"><span style=\"font-size: 1.25rem;\">Conferencia de Mar\u00eda Lopez Garc\u00eda: \u00abLas variedades del espa\u00f1ol en la clase de Pr\u00e1cticas del lenguaje, entre los prejuicios y la gram\u00e1tica escolar\u00bb<\/span><\/p>\n<p><span style=\"font-size: 1rem;\">Sinopsis:<\/span><\/p>\n<p><span style=\"font-size: 1rem;\">La charla se propone, por un lado, revisar las representaciones que se gestionan y\/o se difunden desde la escuela sobre lenguas y variedades; y, por otro, analizar la relaci\u00f3n entre los conceptos de variedad y est\u00e1ndar ling\u00fc\u00edstico, y el lugar de la gram\u00e1tica en la valoraci\u00f3n de la diversidad ling\u00fc\u00edstica.<\/span><\/p>\n<p><span style=\"font-size: 1rem;\">Biodata:<\/span><\/p>\n<p><span style=\"font-size: 1rem;\">Mar\u00eda L\u00f3pez Garc\u00eda es doctora con orientaci\u00f3n en Ling\u00fc\u00edstica por la Facultad de Filosof\u00eda y Letras de la UBA; especialista en procesos de lectura y escritura por la C\u00e1tedra UNESCO-Latinoam\u00e9rica; licenciada y profesora en Ense\u00f1anza Media y Superior en Letras; investigadora en CONICET; docente de grado y posgrado en distintas universidades nacionales, y formadora de docentes en Escuela de Maestros. Sus \u00e1reas actuales de trabajo son las revistas infantiles del siglo XIX, y gesti\u00f3n de materiales de ense\u00f1anza de lengua en primaria y secundaria.<\/span><\/p>\n<h5 style=\"text-align: center;\"><span style=\"font-size: 1rem;\">Entrada libre, no requiere inscripci\u00f3n previa<\/span><\/h5>\n<h5 style=\"text-align: center;\"><span style=\"font-size: 1rem;\">Actividad aprobada por el Consejo Regional de Directores de la regi\u00f3n 6<\/span><\/h5>\n<h5 style=\"text-align: center;\"><span style=\"font-size: 1rem;\">Se otorgar\u00e1n certificados de asistencia y participaci\u00f3n<\/span><\/h5>\n<h5 style=\"text-align: center;\"><span style=\"font-size: 1rem;\">Lunes\u00a0 10 de junio 18.00 hs<\/span><\/h5>\n<h5 style=\"text-align: center;\"><span style=\"font-size: 1rem;\">Lugar: Rivadavia 349, San Isidro<\/span><\/h5>\n<h5 style=\"text-align: center;\"><span style=\"font-size: 1rem;\">Consultas:\u00a0pedagogiadelaformacion52@gmail.com<\/span><\/h5>\n","protected":false},"excerpt":{"rendered":"<p>ISFDyT 52: Proyecto \u00abHacia una Nueva Pedagog\u00eda de la Formaci\u00f3n: propuestas para el desarrollo profesional docente aut\u00f3nomo\u00bb\u00a0 Conferencia de Mar\u00eda Lopez Garc\u00eda: \u00abLas variedades del espa\u00f1ol en la clase de Pr\u00e1cticas del lenguaje, entre los prejuicios y la gram\u00e1tica escolar\u00bb Sinopsis: La charla se propone, por un lado, revisar las representaciones que se gestionan y\/o &#8230; <a title=\"Conferencia: \u00abLas variedades del espa\u00f1ol en la clase de Pr\u00e1cticas del lenguaje, entre los prejuicios y la gram\u00e1tica escolar\u00bb Lunes 10 de junio de 2019\" class=\"read-more\" href=\"https:\/\/isfd52-bue.infd.edu.ar\/sitio\/conferencia-las-variedades-del-espanol-en-la-clase-de-practicas-del-lenguaje-entre-los-prejuicios-y-la-gramatica-escolar-lunes-10-de-junio-de-2019\/\" aria-label=\"More on Conferencia: \u00abLas variedades del espa\u00f1ol en la clase de Pr\u00e1cticas del lenguaje, entre los prejuicios y la gram\u00e1tica escolar\u00bb Lunes 10 de junio de 2019\">[+]<\/a><\/p>\n","protected":false},"author":477,"featured_media":0,"parent":0,"menu_order":0,"comment_status":"closed","ping_status":"closed","template":"","meta":[],"acf":[],"_links":{"self":[{"href":"https:\/\/isfd52-bue.infd.edu.ar\/sitio\/wp-json\/wp\/v2\/pages\/2314"}],"collection":[{"href":"https:\/\/isfd52-bue.infd.edu.ar\/sitio\/wp-json\/wp\/v2\/pages"}],"about":[{"href":"https:\/\/isfd52-bue.infd.edu.ar\/sitio\/wp-json\/wp\/v2\/types\/page"}],"author":[{"embeddable":true,"href":"https:\/\/isfd52-bue.infd.edu.ar\/sitio\/wp-json\/wp\/v2\/users\/477"}],"replies":[{"embeddable":true,"href":"https:\/\/isfd52-bue.infd.edu.ar\/sitio\/wp-json\/wp\/v2\/comments?post=2314"}],"version-history":[{"count":3,"href":"https:\/\/isfd52-bue.infd.edu.ar\/sitio\/wp-json\/wp\/v2\/pages\/2314\/revisions"}],"predecessor-version":[{"id":2361,"href":"https:\/\/isfd52-bue.infd.edu.ar\/sitio\/wp-json\/wp\/v2\/pages\/2314\/revisions\/2361"}],"wp:attachment":[{"href":"https:\/\/isfd52-bue.infd.edu.ar\/sitio\/wp-json\/wp\/v2\/media?parent=2314"}],"curies":[{"name":"wp","href":"https:\/\/api.w.org\/{rel}","templated":true}]}}