{"id":2036,"date":"2019-03-22T13:00:25","date_gmt":"2019-03-22T16:00:25","guid":{"rendered":"https:\/\/isfd52-bue.infd.edu.ar\/sitio\/?page_id=2036"},"modified":"2024-10-09T23:30:40","modified_gmt":"2024-10-10T02:30:40","slug":"gestion-de-solicitud-de-equivalencias-2","status":"publish","type":"page","link":"https:\/\/isfd52-bue.infd.edu.ar\/sitio\/gestion-de-solicitud-de-equivalencias-2\/","title":{"rendered":"Gesti\u00f3n de Solicitud de EQUIVALENCIAS"},"content":{"rendered":"\n<h3 class=\"wp-block-heading\">&nbsp;<\/h3>\n\n\n\n<p>Los estudiantes que quieran tramitar equivalencias deber\u00e1n presentar la documentaci\u00f3n certificada* en formato papel junto con los formularios de solicitud**. En cada sede del Instituto las recibir\u00e1 personal asignado para dicha gesti\u00f3n.<\/p>\n\n\n\n<p>Para el Profesorado de Educaci\u00f3n Primaria y el Profesorado de Ingl\u00e9s la solicitud se realizar\u00e1 sobre la totalidad de las unidades curriculares que integran el plan de estudio o dise\u00f1o curricular de la carrera al que solicita ingresar.<\/p>\n\n\n\n<p>Para el Profesorado de Educaci\u00f3n Secundaria en Econom\u00eda res. 3606\/22, dado que se encuentran en etapa de implementaci\u00f3n, en 2025 se podr\u00e1n solicitar equivalencias por unidades curriculares del 1\u00ba, 2\u00ba y 3\u00ba a\u00f1o del plan de estudios, en a\u00f1os sucesivos se podr\u00e1n seguir solicitando equivalencias por las unidades curriculares de 4\u00ba a\u00f1o).<\/p>\n\n\n\n<p>Para el Prof.T\u00e9cnico Profesional en electromec\u00e1nica res. 5746\/23, dado que se encuentran en etapa de implementaci\u00f3n, en 2025 se podr\u00e1n solicitar equivalencias por unidades curriculares del 1\u00ba y 2\u00ba a\u00f1o del plan de estudios, en a\u00f1os sucesivos se podr\u00e1n seguir solicitando equivalencias por las unidades curriculares de 3\u00ba y 4\u00ba a\u00f1o).<\/p>\n\n\n\n<p>Ser\u00e1n notificados\/as de la resoluci\u00f3n de la solicitud por secretar\u00eda, a trav\u00e9s de los medios que \u00e9sta disponga.<\/p>\n\n\n\n<p>*Documentaci\u00f3n requerida:<\/p>\n\n\n\n<p>Certificado anal\u00edtico de estudios realizados y el\/los programa\/s, en el\/los que conste carga horaria, contenidos y bibliograf\u00eda, de la\/las unidad\/es curricular\/es en la\/las que solicita equivalencia. La documentaci\u00f3n deber\u00e1 estar debidamente certificada (firmada y sellada por autoridad emisora con sello institucional correspondiente).<\/p>\n\n\n\n<p>**Formularios de solicitud:<\/p>\n\n\n\n<p>Deber\u00e1n completar un ejemplar del formulario A14 (SOLICITUD DE EQUIVALENCIA. RESUMEN), y un ejemplar por cada unidad curricular en la cual se solicite equivalencia del formulario A14a (SOLICITUD DE EQUIVALENCIA. POR ASIGNATURA).<\/p>\n\n\n\n<p>Pueden pedir el formulario en cada sede para realizar copias o descargarlo de los siguientes links<\/p>\n\n\n\n<div class=\"wp-block-file\"><a id=\"wp-block-file--media-99e47948-97ba-4101-913f-964700d4ab43\" href=\"https:\/\/isfd52-bue.infd.edu.ar\/sitio\/wp-content\/uploads\/2022\/04\/A14-SOLICITUD-EQUIVALENCIA-RESUMEN.doc\">A14-SOLICITUD-EQUIVALENCIA-RESUMEN<\/a><a href=\"https:\/\/isfd52-bue.infd.edu.ar\/sitio\/wp-content\/uploads\/2022\/04\/A14-SOLICITUD-EQUIVALENCIA-RESUMEN.doc\" class=\"wp-block-file__button wp-element-button\" download aria-describedby=\"wp-block-file--media-99e47948-97ba-4101-913f-964700d4ab43\">Descarga<\/a><\/div>\n\n\n\n<div class=\"wp-block-file\"><a id=\"wp-block-file--media-1161a742-3886-43dd-84b8-bb33f9e9cc77\" href=\"https:\/\/isfd52-bue.infd.edu.ar\/sitio\/wp-content\/uploads\/2022\/04\/A14a-SOLICITUD-EQUIVALENCIA-POR-ASIGNATURA.doc\">A14a-SOLICITUD-EQUIVALENCIA-POR-ASIGNATURA<\/a><a href=\"https:\/\/isfd52-bue.infd.edu.ar\/sitio\/wp-content\/uploads\/2022\/04\/A14a-SOLICITUD-EQUIVALENCIA-POR-ASIGNATURA.doc\" class=\"wp-block-file__button wp-element-button\" download aria-describedby=\"wp-block-file--media-1161a742-3886-43dd-84b8-bb33f9e9cc77\">Descarga<\/a><\/div>\n\n\n\n<p><\/p>\n\n\n\n<p class=\"has-text-align-center\" style=\"font-size:27px\"><strong>Gesti\u00f3n de Solicitud de EQUIVALENCIAS AUTOM\u00c1TICAS<\/strong><\/p>\n\n\n\n<p>Acorde a los criterios consensuados por el Consejo Regional de Directores de la Regi\u00f3n VI, ratificados en la reuni\u00f3n con fecha 30\/3\/2022; ser\u00e1n consideradas equivalencias directas las siguientes unidades curriculares que se detallan al pie.<\/p>\n\n\n\n<p>Quienes quieran gestionar este tr\u00e1mite deber\u00e1n presentar Certificado anal\u00edtico de estudios realizados (firmado y sellado por autoridad emisora con sello institucional correspondiente) y un ejemplar del formulario A14 (SOLICITUD DE EQUIVALENCIA. RESUMEN).<\/p>\n\n\n\n<p><\/p>\n\n\n\n<p class=\"has-text-align-center\" style=\"font-size:22px\"><strong>PROFESORADO DE EDUCACI\u00d3N INICIAL A PROFESORADO DE EDUCACI\u00d3N PRIMARIA RESOLUCI\u00d3N 4154\/07<\/strong><\/p>\n\n\n\n<figure class=\"wp-block-table\"><table><tbody><tr><td><strong>1\u00ba<\/strong><\/td><td><strong>2\u00ba<\/strong><\/td><td><strong>3\u00ba<\/strong><\/td><td><strong>4\u00ba<\/strong><\/td><\/tr><tr><td>AN\u00c1LISIS DEL MUNDO CONTEMPOR\u00c1NEO<\/td><td>COMUNICACI\u00d3N, CULTURA Y EDUCACI\u00d3N<\/td><td>HISTORIA Y PROSPECTIVA DE LA EDUCACI\u00d3N<\/td><td>DIMENSI\u00d3N ETICOPOL\u00cdTICA DE LA PRAXIS DOCENTE<\/td><\/tr><tr><td>CAMPO DE LA PR\u00c1CTICA DOCENTE I<\/td><td>PSICOLOG\u00cdA SOCIAL E INSTITUCIONAL<\/td><td>POL\u00cdTICA, LEGISLACI\u00d3N Y ADMINISTRACI\u00d3N ESCOLAR<\/td><td>REFLEXI\u00d3N FILOS\u00d3FICA DE LA EDUCACI\u00d3N<\/td><\/tr><tr><td>CORPOREIDAD Y MOTRICIDAD<\/td><td>TEOR\u00cdAS SOCIOPOL\u00cdTICAS Y EDUCACI\u00d3N<\/td><td>MEDIOS AUDIOVISUALES Y TICS<\/td><td>&nbsp;<\/td><\/tr><tr><td>DID\u00c1CTICA GENERAL<\/td><td>&nbsp;<\/td><td>&nbsp;<\/td><td>&nbsp;<\/td><\/tr><tr><td>FILOSOF\u00cdA<\/td><td>&nbsp;<\/td><td>&nbsp;<\/td><td>&nbsp;<\/td><\/tr><tr><td>PEDAGOG\u00cdA<\/td><td>&nbsp;<\/td><td>&nbsp;<\/td><td>&nbsp;<\/td><\/tr><tr><td>PSICOLOGIA DEL DESARROLLO Y APRENDIZAJE I<\/td><td>&nbsp;<\/td><td>&nbsp;<\/td><td>&nbsp;<\/td><\/tr><tr><td>EDI<\/td><td>&nbsp;<\/td><td>&nbsp;<\/td><td>&nbsp;<\/td><\/tr><tr><td>TALLER DE LECTURA, ESCRITURA Y ORALIDAD<\/td><td>&nbsp;<\/td><td>&nbsp;<\/td><td>&nbsp;<\/td><\/tr><tr><td>TALLER DE PENSAMIENTO L\u00d3GICO MATEM\u00c1TICO<\/td><td>&nbsp;<\/td><td>&nbsp;<\/td><td>&nbsp;<\/td><\/tr><\/tbody><\/table><\/figure>\n\n\n\n<p class=\"has-text-align-center\" style=\"font-size:22px\"><strong>PROFESORADO DE EDUCACI\u00d3N ESPECIAL A PROFESORADO DE EDUCACI\u00d3N PRIMARIA<\/strong> <strong>RESOLUCI\u00d3N N\u00ba1009\/09<\/strong><\/p>\n\n\n\n<figure class=\"wp-block-table\"><table><tbody><tr><td><\/td><\/tr><tr><td><strong>1\u00ba<\/strong><\/td><td><strong>2\u00ba<\/strong><\/td><td><strong>3\u00ba<\/strong><\/td><td><strong>4\u00ba<\/strong><\/td><\/tr><tr><td>AN\u00c1LISIS DEL MUNDO CONTEMPOR\u00c1NEO<\/td><td>CAMPO DE LA PR\u00c1CTICA DOCENTE II<\/td><td>DID\u00c1CTICA DE LAS CS NATURALES II<\/td><td>DIMENSI\u00d3N ETICOPOL\u00cdTICA DE LA PRAXIS DOCENTE<\/td><\/tr><tr><td>ARTE Y EDUCACI\u00d3N<\/td><td>COMUNICACI\u00d3N, CULTURA Y EDUCACI\u00d3N<\/td><td>DID\u00c1CTICA DE LAS CS SOCIALES II<\/td><td>PEDAGOG\u00cdA CR\u00cdTICA DE LAS DIFERENCIAS<\/td><\/tr><tr><td>CAMPO DE LA PR\u00c1CTICA DOCENTE I<\/td><td>DID\u00c1CTIICA Y CURRICULUM DEL NIVEL PRIMARIO<\/td><td>DID\u00c1CTICA DE LAS PR\u00c1CTCAS DEL LENGUAJE Y LA LITERATURA II<\/td><td>REFLEXI\u00d3N FILOS\u00d3FICA DE LA EDUCACI\u00d3N<\/td><\/tr><tr><td>CORPOREIDAD Y MOTRICIDAD<\/td><td>DID\u00c1CTICA DE LAS PR\u00c1CTCAS DEL LENGUAJE Y LA LITERATURA I<\/td><td>DID\u00c1CTICA DE LA MATEM\u00c1TICA II<\/td><td>&nbsp;<\/td><\/tr><tr><td>DID\u00c1CTICA GENERAL<\/td><td>DID\u00c1CTICA DE LAS CS NATURALES I<\/td><td>&nbsp;<\/td><td>&nbsp;<\/td><\/tr><tr><td>FILOSOF\u00cdA<\/td><td>DID\u00c1CTICA DE LAS CS SOCIALES I<\/td><td>&nbsp;<\/td><td>&nbsp;<\/td><\/tr><tr><td>PEDAGOG\u00cdA<\/td><td>DID\u00c1CTICA DE LA MATEM\u00c1TICA I<\/td><td>&nbsp;<\/td><td>&nbsp;<\/td><\/tr><tr><td>PSICOLOGIA DEL DESARROLLO Y APRENDIZAJE I<\/td><td>PSICOLOG\u00cdA SOCIAL E INSTITUCIONAL<\/td><td>&nbsp;<\/td><td>&nbsp;<\/td><\/tr><tr><td>TALLER DE LECTURA, ESCRITURA Y ORALIDAD<\/td><td>TEOR\u00cdAS SOCIOPOL\u00cdTICAS Y EDUCACI\u00d3N<\/td><td>&nbsp;<\/td><td>&nbsp;<\/td><\/tr><tr><td>TALLER DE PENSAMIENTO L\u00d3GICO MATEM\u00c1TICO<\/td><td>&nbsp;<\/td><td>&nbsp;<\/td><td>&nbsp;<\/td><\/tr><tr><td>EQUIVALENCIAS NO AUTOM\u00c1TICAS (siguen circuito normal para equivalencias)<\/td><\/tr><tr><td>&nbsp;<\/td><td>&nbsp;<\/td><td>POL\u00cdTICA, LEGISLACI\u00d3N Y ADMINISTRACI\u00d3N ESCOLAR<\/td><td>&nbsp;<\/td><\/tr><\/tbody><\/table><\/figure>\n\n\n\n<p class=\"has-text-align-center\"><strong>Por orientaci\u00f3n para realizar la gesti\u00f3n del tr\u00e1mite dirigirse a coordinadores de cada carrera:<\/strong><\/p>\n\n\n\n<p class=\"has-text-align-center\">PROF. PRIMARIA &#8211; Prof. Graciela Castello<\/p>\n\n\n\n<p class=\"has-text-align-center\">PROF. INGL\u00c9S \u2013 Prof. Marcela Santa Fe y Soriano<\/p>\n\n\n\n<p class=\"has-text-align-center\">PROF. T\u00c9CNICO \u2013 Prof.Beatriz D\u00edaz<\/p>\n\n\n\n<p class=\"has-text-align-center\">PROF. ECONOM\u00cdA \u2013 Prof. \u00c1gata Bello<\/p>\n\n\n\n<p class=\"has-text-align-center\"><\/p>\n","protected":false},"excerpt":{"rendered":"<p>&nbsp; Los estudiantes que quieran tramitar equivalencias deber\u00e1n presentar la documentaci\u00f3n certificada* en formato papel junto con los formularios de solicitud**. En cada sede del Instituto las recibir\u00e1 personal asignado para dicha gesti\u00f3n. Para el Profesorado de Educaci\u00f3n Primaria y el Profesorado de Ingl\u00e9s la solicitud se realizar\u00e1 sobre la totalidad de las unidades curriculares &#8230; <a title=\"Gesti\u00f3n de Solicitud de EQUIVALENCIAS\" class=\"read-more\" href=\"https:\/\/isfd52-bue.infd.edu.ar\/sitio\/gestion-de-solicitud-de-equivalencias-2\/\" aria-label=\"More on Gesti\u00f3n de Solicitud de EQUIVALENCIAS\">[+]<\/a><\/p>\n","protected":false},"author":477,"featured_media":0,"parent":0,"menu_order":0,"comment_status":"closed","ping_status":"closed","template":"","meta":[],"acf":[],"_links":{"self":[{"href":"https:\/\/isfd52-bue.infd.edu.ar\/sitio\/wp-json\/wp\/v2\/pages\/2036"}],"collection":[{"href":"https:\/\/isfd52-bue.infd.edu.ar\/sitio\/wp-json\/wp\/v2\/pages"}],"about":[{"href":"https:\/\/isfd52-bue.infd.edu.ar\/sitio\/wp-json\/wp\/v2\/types\/page"}],"author":[{"embeddable":true,"href":"https:\/\/isfd52-bue.infd.edu.ar\/sitio\/wp-json\/wp\/v2\/users\/477"}],"replies":[{"embeddable":true,"href":"https:\/\/isfd52-bue.infd.edu.ar\/sitio\/wp-json\/wp\/v2\/comments?post=2036"}],"version-history":[{"count":14,"href":"https:\/\/isfd52-bue.infd.edu.ar\/sitio\/wp-json\/wp\/v2\/pages\/2036\/revisions"}],"predecessor-version":[{"id":5089,"href":"https:\/\/isfd52-bue.infd.edu.ar\/sitio\/wp-json\/wp\/v2\/pages\/2036\/revisions\/5089"}],"wp:attachment":[{"href":"https:\/\/isfd52-bue.infd.edu.ar\/sitio\/wp-json\/wp\/v2\/media?parent=2036"}],"curies":[{"name":"wp","href":"https:\/\/api.w.org\/{rel}","templated":true}]}}