{"id":1955,"date":"2018-11-29T15:21:03","date_gmt":"2018-11-29T18:21:03","guid":{"rendered":"https:\/\/isfd52-bue.infd.edu.ar\/sitio\/?page_id=1955"},"modified":"2018-11-29T15:21:03","modified_gmt":"2018-11-29T18:21:03","slug":"acta-reunion-extraordinaria-por-oferta-de-carreras-2019-jueves-29-de-noviembre-de-2018","status":"publish","type":"page","link":"https:\/\/isfd52-bue.infd.edu.ar\/sitio\/acta-reunion-extraordinaria-por-oferta-de-carreras-2019-jueves-29-de-noviembre-de-2018\/","title":{"rendered":"Acta reuni\u00f3n extraordinaria por Oferta de carreras 2019 &#8211; Jueves 29 de noviembre de 2018"},"content":{"rendered":"<div data-blogger-escaped-data-mce-style=\"text-align: center;\" data-blogger-escaped-style=\"color: #333333; text-align: center;\">\n<p style=\"text-align: center;\"><span data-blogger-escaped-style=\"font-family: Verdana,sans-serif;\"><b>Reuni\u00f3n Extraoridnaria del Consejo Regional de Directores Regi\u00f3n 6<\/b><\/span><\/p>\n<\/div>\n<div style=\"text-align: center;\" data-blogger-escaped-data-mce-style=\"text-align: center;\" data-blogger-escaped-style=\"color: #333333; text-align: center;\"><\/div>\n<div data-blogger-escaped-data-mce-style=\"text-align: center;\" data-blogger-escaped-style=\"color: #333333; text-align: center;\">\n<p style=\"text-align: center;\"><span data-blogger-escaped-style=\"font-family: Verdana,sans-serif;\"><b>Acta del 29 de noviembre de 2018<\/b><\/span><\/p>\n<\/div>\n<div data-blogger-escaped-data-mce-style=\"text-align: center;\" data-blogger-escaped-style=\"color: #333333; text-align: center;\"><\/div>\n<div data-blogger-escaped-style=\"color: #333333;\">\n<p><span data-blogger-escaped-style=\"font-family: Verdana,sans-serif;\">Institutos: 39, 52, 77, 117, 140, 199, 217 y 220<\/span><\/p>\n<\/div>\n<div data-blogger-escaped-style=\"color: #333333;\">\n<p><span data-blogger-escaped-style=\"font-family: Verdana,sans-serif;\">Presentes: Luis Bidegain (director ISFD 39), Daniel Bustos (Vicedirector ISFD 39) , Mariano Bonola (director ISFT 217), Mario Dittler (director ISFT 199 &#8211; Regente ISFD 140), Miguel Enriquez\u00a0 (director ISFD 117), Rosana Sfeir (directora ISFD 77), Juliana Dobal (directora ISFT 220) Roberto Rossenblum (director ISFDyT 52)<\/span><\/p>\n<\/div>\n<div data-blogger-escaped-style=\"color: #333333;\"><\/div>\n<div data-blogger-escaped-style=\"color: #333333;\">\n<p><span data-blogger-escaped-style=\"font-family: Verdana,sans-serif;\"><strong>Temario<\/strong><\/span><\/p>\n<\/div>\n<div data-blogger-escaped-style=\"color: #333333;\">\n<p><span data-blogger-escaped-style=\"font-family: Verdana,sans-serif;\"><strong>\u00a0<\/strong><\/span><\/p>\n<\/div>\n<div data-blogger-escaped-style=\"color: #333333;\">\n<p><span data-blogger-escaped-style=\"font-family: Verdana,sans-serif;\"><strong>Inscripciones ingresantes 2019 \u2013 Oferta de carreras 2019<\/strong><\/span><\/p>\n<p><span data-blogger-escaped-style=\"font-family: Verdana,sans-serif;\">Luego de analizar el comunicado de la DESFDI sobre Oferta de Carreras 2019 del d\u00eda 16 de noviembre de 2018, el Consejo Regional de Directores de la regi\u00f3n 6 resuelve:<br \/>\n<\/span><\/p>\n<ul>\n<li>Ratificar la Oferta de Carreras 2019 que oportunamente fue entregada a la Jefatura Regional el 1\u00b0 de octubre de 2018. Esa documentaci\u00f3n cuenta con:\n<ul>\n<li>los avales de los Consejos Acad\u00e9micos Institucionales de cada instituto<\/li>\n<li>\u00a0los datos cuantitativos que brinda la SAD de cada distrito en relaci\u00f3n a la necesidad de cobertura de cargos docentes.<\/li>\n<li>los avales de las Jefaturas Distritales y Regional<\/li>\n<li>un minucioso an\u00e1lisis de la demanda de los territorios y sus comunidades en cada nivel y madalidad educativa<\/li>\n<\/ul>\n<\/li>\n<\/ul>\n<p>Cabe destacar que la propuesta elaborada regionalmente se ajusta a la condici\u00f3n de No incremento del presupusto otorgado para el a\u00f1o 2018, indicada por la DESFDI en el Comunicado 32\/18.<\/p>\n<p>A continuaci\u00f3n detallamos la Ofertade Carreras regional para el a\u00f1o 2019 teniendo en cuenta las diferencias con el Comunicado de la DESFDI del 16 de noviembre de 2018:<\/p>\n<p>ISFD 39: Abrir\u00e1 dos comisiones del Profesorado de Historia. No abrir\u00e1 una segunda comisi\u00f3n del Profesorado de Educaci\u00f3n Secundaria en Matem\u00e1tica<\/p>\n<p>ISFD 77: Abrir\u00e1 dos comisiones de Primer a\u00f1o del Profesorado de Eduaci\u00f3n Especial Tronco com\u00fan<\/p>\n<p>ISFDyT 52: Abrir\u00e1 una comisi\u00f3n del Profesorado de Econom\u00eda. No abrir\u00e1 una comisi\u00f3n del Profesorado de Educaci\u00f3n Secundaria en Matem\u00e1tica<\/p>\n<p>ISFD 117. SIn cambios<\/p>\n<p>ISFD 140: Abrir\u00e1 las tres comisiones del Profesorado de F\u00edsica y Biolog\u00eda Tronco com\u00fan (dos comisiones en turno vespertino y una comisi\u00f3n en turno tarde).\u00a0 No utilizar\u00e1 presupuesto para Ofertas de Formaci\u00f3n Continua (se aclara que la aprobaci\u00f3n de esos presupuestos son de diferentes partidas presupuestarias que corresponden a diferentes programas de formaci\u00f3n de grado, investigaci\u00f3n y extensi\u00f3n). Por otra parte entendemos que hubo un error en la menci\u00f3n del Profesorado de Qu\u00edmica ya que el ISFD 140 nunca dict\u00f3 esa carrera.<\/p>\n<p>&nbsp;<\/p>\n<\/div>\n","protected":false},"excerpt":{"rendered":"<p>Reuni\u00f3n Extraoridnaria del Consejo Regional de Directores Regi\u00f3n 6 Acta del 29 de noviembre de 2018 Institutos: 39, 52, 77, 117, 140, 199, 217 y 220 Presentes: Luis Bidegain (director ISFD 39), Daniel Bustos (Vicedirector ISFD 39) , Mariano Bonola (director ISFT 217), Mario Dittler (director ISFT 199 &#8211; Regente ISFD 140), Miguel Enriquez\u00a0 (director &#8230; <a title=\"Acta reuni\u00f3n extraordinaria por Oferta de carreras 2019 &#8211; Jueves 29 de noviembre de 2018\" class=\"read-more\" href=\"https:\/\/isfd52-bue.infd.edu.ar\/sitio\/acta-reunion-extraordinaria-por-oferta-de-carreras-2019-jueves-29-de-noviembre-de-2018\/\" aria-label=\"More on Acta reuni\u00f3n extraordinaria por Oferta de carreras 2019 &#8211; Jueves 29 de noviembre de 2018\">[+]<\/a><\/p>\n","protected":false},"author":477,"featured_media":0,"parent":0,"menu_order":0,"comment_status":"closed","ping_status":"closed","template":"","meta":[],"acf":[],"_links":{"self":[{"href":"https:\/\/isfd52-bue.infd.edu.ar\/sitio\/wp-json\/wp\/v2\/pages\/1955"}],"collection":[{"href":"https:\/\/isfd52-bue.infd.edu.ar\/sitio\/wp-json\/wp\/v2\/pages"}],"about":[{"href":"https:\/\/isfd52-bue.infd.edu.ar\/sitio\/wp-json\/wp\/v2\/types\/page"}],"author":[{"embeddable":true,"href":"https:\/\/isfd52-bue.infd.edu.ar\/sitio\/wp-json\/wp\/v2\/users\/477"}],"replies":[{"embeddable":true,"href":"https:\/\/isfd52-bue.infd.edu.ar\/sitio\/wp-json\/wp\/v2\/comments?post=1955"}],"version-history":[{"count":1,"href":"https:\/\/isfd52-bue.infd.edu.ar\/sitio\/wp-json\/wp\/v2\/pages\/1955\/revisions"}],"predecessor-version":[{"id":1956,"href":"https:\/\/isfd52-bue.infd.edu.ar\/sitio\/wp-json\/wp\/v2\/pages\/1955\/revisions\/1956"}],"wp:attachment":[{"href":"https:\/\/isfd52-bue.infd.edu.ar\/sitio\/wp-json\/wp\/v2\/media?parent=1955"}],"curies":[{"name":"wp","href":"https:\/\/api.w.org\/{rel}","templated":true}]}}