{"id":1671,"date":"2018-08-31T09:37:50","date_gmt":"2018-08-31T12:37:50","guid":{"rendered":"https:\/\/isfd52-bue.infd.edu.ar\/sitio\/?page_id=1671"},"modified":"2018-09-01T00:18:47","modified_gmt":"2018-09-01T03:18:47","slug":"sadis-docentes","status":"publish","type":"page","link":"https:\/\/isfd52-bue.infd.edu.ar\/sitio\/sadis-docentes\/","title":{"rendered":"Gesti\u00f3n de Licencias M\u00e9dicas"},"content":{"rendered":"<div>Instructivo para carga de Licencias M\u00e9dicas<\/div>\n<div>\u00a0<a href=\"https:\/\/isfd52-bue.infd.edu.ar\/sitio\/wp-content\/uploads\/2018\/09\/Presentaci\u00f3n-Sistema-de-Licencias-M\u00e9dicas.pdf\" target=\"_blank\" rel=\"noopener\">Presentaci\u00f3n &#8211; Sistema de Licencias M\u00e9dicas<\/a><\/div>\n<div>\n<hr \/>\n<\/div>\n<div><\/div>\n<div><strong>P\u00e1gina de reclamos por Sistema de licencias m\u00e9dicas<\/strong><\/div>\n<div>\n<div id=\"yiv8827502916ydp8d9a1257yiv9621567496\">\n<div dir=\"ltr\">\n<p>\u00a0A partir de este mes, se implementa un nuevo sistema de Reclamos por el sistema de Licencias m\u00e9dicas. El mismo permitir\u00e1 solucionar todos los inconvenientes surgidos de la aplicaci\u00f3n.<\/p>\n<div>Para acceder a la misma se deber\u00e1 ingresar al portal\u00a0<a href=\"http:\/\/www.abc.gob.ar\/\" target=\"_NEW\" rel=\"nofollow\">www.abc.gob.ar<\/a>. Ingresando con n\u00ba de cuil y contrase\u00f1a.\u00a0 \u00a0Ir a\u00a0 \u00a0Servicios -&gt; Recursos humanos -&gt; Sistema de reclamos.<\/div>\n<div>Tema: Elegir la opci\u00f3n \u00bb Sistema de Gesti\u00f3n de\u00a0 licencias m\u00e9dicas\u00bb<\/div>\n<div>Subtema: aqu\u00ed podr\u00e1 elegir entre las diferentes opciones:<\/div>\n<div><\/div>\n<div>\u00a0 \u00a0 \u00a0 \u00a0 \u00a0 \u00a0 \u00a0 \u00a0 \u00a0 \u00a0 \u00a0 \u00a0 \u00a0 \u00a0 \u00a0 \u00a0 \u00a0 \u00a0 \u00a0 \u00a0 \u00a0 \u00a0 \u00a0 \u00a0 \u00a0 \u00a0 \u00a0 \u00a0 \u00a0 \u00a0 \u00a0 \u00a0 \u00a0 \u00a0 \u00a0 \u00a0 \u00a0 \u00a0 \u00a0 \u00a0 \u00a0 \u00a0 \u00a0 \u00a0 \u00a0 \u00a0 \u00a0Problema en la carga de licencias<\/div>\n<div>\u00a0 \u00a0 \u00a0 \u00a0 \u00a0 \u00a0 \u00a0 \u00a0 \u00a0 \u00a0 \u00a0 \u00a0 \u00a0 \u00a0 \u00a0 \u00a0 \u00a0 \u00a0 \u00a0 \u00a0 \u00a0 \u00a0 \u00a0 \u00a0 \u00a0 \u00a0 \u00a0 \u00a0 \u00a0 \u00a0 \u00a0 \u00a0 \u00a0 \u00a0 \u00a0 \u00a0 \u00a0 \u00a0 \u00a0 \u00a0 \u00a0 \u00a0 \u00a0 \u00a0 \u00a0 \u00a0 \u00a0Inconvenientes\u00a0 con cambio de funciones y\/o tareas livianas<\/div>\n<div>\u00a0 \u00a0 \u00a0 \u00a0 \u00a0 \u00a0 \u00a0 \u00a0 \u00a0 \u00a0 \u00a0 \u00a0 \u00a0 \u00a0 \u00a0 \u00a0 \u00a0 \u00a0 \u00a0 \u00a0 \u00a0 \u00a0 \u00a0 \u00a0 \u00a0 \u00a0 \u00a0 \u00a0 \u00a0 \u00a0 \u00a0 \u00a0 \u00a0 \u00a0 \u00a0 \u00a0 \u00a0 \u00a0 \u00a0 \u00a0 \u00a0 \u00a0 \u00a0 \u00a0 \u00a0 \u00a0 \u00a0Problema con contrase\u00f1a o correo electr\u00f3nico<br \/>\nIncompatibilidad de d\u00edas reflejados en el sistema con los dictaminado en auditor\u00eda\/junta m\u00e9dica<br \/>\nInformaci\u00f3n err\u00f3nea en Host<br \/>\nConsulta profilaxis<br \/>\nDictamen pendiente de carga luego de 24 hs de haber asistido a la auditor\u00eda y\/o junta m\u00e9dica<br \/>\nOtros temas licencias m\u00e9dicas<\/div>\n<div>Tambi\u00e9n permite subir un archivo . al final se emitir\u00e1 un n\u00famero de ticket para seguimiento del tr\u00e1mite.<\/div>\n<div>Por favor, difundir entre los docentes de su establecimiento.<\/div>\n<div>SAD San Isidro<\/div>\n<\/div>\n<\/div>\n<\/div>\n","protected":false},"excerpt":{"rendered":"<p>Instructivo para carga de Licencias M\u00e9dicas \u00a0Presentaci\u00f3n &#8211; Sistema de Licencias M\u00e9dicas P\u00e1gina de reclamos por Sistema de licencias m\u00e9dicas \u00a0A partir de este mes, se implementa un nuevo sistema de Reclamos por el sistema de Licencias m\u00e9dicas. El mismo permitir\u00e1 solucionar todos los inconvenientes surgidos de la aplicaci\u00f3n. Para acceder a la misma se &#8230; <a title=\"Gesti\u00f3n de Licencias M\u00e9dicas\" class=\"read-more\" href=\"https:\/\/isfd52-bue.infd.edu.ar\/sitio\/sadis-docentes\/\" aria-label=\"More on Gesti\u00f3n de Licencias M\u00e9dicas\">[+]<\/a><\/p>\n","protected":false},"author":477,"featured_media":0,"parent":0,"menu_order":0,"comment_status":"closed","ping_status":"closed","template":"","meta":[],"acf":[],"_links":{"self":[{"href":"https:\/\/isfd52-bue.infd.edu.ar\/sitio\/wp-json\/wp\/v2\/pages\/1671"}],"collection":[{"href":"https:\/\/isfd52-bue.infd.edu.ar\/sitio\/wp-json\/wp\/v2\/pages"}],"about":[{"href":"https:\/\/isfd52-bue.infd.edu.ar\/sitio\/wp-json\/wp\/v2\/types\/page"}],"author":[{"embeddable":true,"href":"https:\/\/isfd52-bue.infd.edu.ar\/sitio\/wp-json\/wp\/v2\/users\/477"}],"replies":[{"embeddable":true,"href":"https:\/\/isfd52-bue.infd.edu.ar\/sitio\/wp-json\/wp\/v2\/comments?post=1671"}],"version-history":[{"count":4,"href":"https:\/\/isfd52-bue.infd.edu.ar\/sitio\/wp-json\/wp\/v2\/pages\/1671\/revisions"}],"predecessor-version":[{"id":1721,"href":"https:\/\/isfd52-bue.infd.edu.ar\/sitio\/wp-json\/wp\/v2\/pages\/1671\/revisions\/1721"}],"wp:attachment":[{"href":"https:\/\/isfd52-bue.infd.edu.ar\/sitio\/wp-json\/wp\/v2\/media?parent=1671"}],"curies":[{"name":"wp","href":"https:\/\/api.w.org\/{rel}","templated":true}]}}