{"id":1574,"date":"2018-08-29T18:47:49","date_gmt":"2018-08-29T21:47:49","guid":{"rendered":"https:\/\/isfd52-bue.infd.edu.ar\/sitio\/contenidos-de-materias-de-formacion-general-y-psicologia\/"},"modified":"2023-04-14T02:39:11","modified_gmt":"2023-04-14T05:39:11","slug":"contenidos-de-materias-de-formacion-general-y-psicologia","status":"publish","type":"page","link":"https:\/\/isfd52-bue.infd.edu.ar\/sitio\/contenidos-de-materias-de-formacion-general-y-psicologia\/","title":{"rendered":"Contenidos de materias de Formaci\u00f3n General y Psicolog\u00eda Profesorado de Econom\u00eda Res. 13271\/99 &#8211; 13297\/99 &#8211; 39\/03 &#8211; 2789\/09"},"content":{"rendered":"<p>Aqu\u00ed encontrar\u00e1n:<\/p>\n<p><a title=\"Marco General del Dise\u00f1o curricular con los contenidos de las Materias de Formaci\u00f3n General #AP#Pespectiva Filos\u00f3fico Pedag\u00f3gicas Did\u00e1cticas y Psicolog\u00edas#CP#\" href=\"upload\/Contenidos_de_materias_de_formacion_general_y_psiclogia.pdf\" target=\"_blank\" rel=\"noopener\">Marco General del Dise\u00f1o curricular con los contenidos de las Materias de Formaci\u00f3n General (Pespectiva Filos\u00f3fico Pedag\u00f3gicas Did\u00e1cticas y Psicolog\u00edas)<\/a><\/p>\n","protected":false},"excerpt":{"rendered":"<p>Aqu\u00ed encontrar\u00e1n: Marco General del Dise\u00f1o curricular con los contenidos de las Materias de Formaci\u00f3n General (Pespectiva Filos\u00f3fico Pedag\u00f3gicas Did\u00e1cticas y Psicolog\u00edas)<\/p>\n","protected":false},"author":477,"featured_media":0,"parent":0,"menu_order":0,"comment_status":"closed","ping_status":"closed","template":"","meta":[],"acf":[],"_links":{"self":[{"href":"https:\/\/isfd52-bue.infd.edu.ar\/sitio\/wp-json\/wp\/v2\/pages\/1574"}],"collection":[{"href":"https:\/\/isfd52-bue.infd.edu.ar\/sitio\/wp-json\/wp\/v2\/pages"}],"about":[{"href":"https:\/\/isfd52-bue.infd.edu.ar\/sitio\/wp-json\/wp\/v2\/types\/page"}],"author":[{"embeddable":true,"href":"https:\/\/isfd52-bue.infd.edu.ar\/sitio\/wp-json\/wp\/v2\/users\/477"}],"replies":[{"embeddable":true,"href":"https:\/\/isfd52-bue.infd.edu.ar\/sitio\/wp-json\/wp\/v2\/comments?post=1574"}],"version-history":[{"count":1,"href":"https:\/\/isfd52-bue.infd.edu.ar\/sitio\/wp-json\/wp\/v2\/pages\/1574\/revisions"}],"predecessor-version":[{"id":4628,"href":"https:\/\/isfd52-bue.infd.edu.ar\/sitio\/wp-json\/wp\/v2\/pages\/1574\/revisions\/4628"}],"wp:attachment":[{"href":"https:\/\/isfd52-bue.infd.edu.ar\/sitio\/wp-json\/wp\/v2\/media?parent=1574"}],"curies":[{"name":"wp","href":"https:\/\/api.w.org\/{rel}","templated":true}]}}