{"id":1568,"date":"2018-08-29T18:47:47","date_gmt":"2018-08-29T21:47:47","guid":{"rendered":"https:\/\/isfd52-bue.infd.edu.ar\/sitio\/festival-de-poesia-2018\/"},"modified":"2018-09-05T15:34:32","modified_gmt":"2018-09-05T18:34:32","slug":"festival-de-poesia-2018","status":"publish","type":"page","link":"https:\/\/isfd52-bue.infd.edu.ar\/sitio\/festival-de-poesia-2018\/","title":{"rendered":"Festival de Poes\u00eda 2018 &#8211; 20 de setiembre de 2018"},"content":{"rendered":"<h1 style=\"text-align: center;\"><strong>Festival de Poes\u00eda 2018<\/strong><\/h1>\n<p>Organizan las Profesoras Sonia Bernades, Carolina Seoana, Cecilia Leoncini, Mar\u00eda Cristina Castro y Gabriela Pirolo<\/p>\n<p>Jueves 20 de setiembre de 18 a 21.30 hs en Sede Rivadavia<\/p>\n<h5 style=\"text-align: center;\">\u00a0\u00a0Entrada libre, no requiere inscripci\u00f3n previa<\/h5>\n<h5 style=\"text-align: center;\">Actividad aprobada por el Consejo Regional de Directores de la regi\u00f3n 6<\/h5>\n<h5 style=\"text-align: center;\">Se otorgar\u00e1n certificados de asistencia y participaci\u00f3n<\/h5>\n<h5 style=\"text-align: center;\">Jueves 20 de setiembre 18.00 hs<\/h5>\n<h5 style=\"text-align: center;\">Lugar: Rivadavia 349, San Isidro<\/h5>\n<h5 style=\"text-align: center;\">Consultas:\u00a0pedagogiadelaformacion52@gmail.com<\/h5>\n<p>&nbsp;<\/p>\n","protected":false},"excerpt":{"rendered":"<p>Festival de Poes\u00eda 2018 Organizan las Profesoras Sonia Bernades, Carolina Seoana, Cecilia Leoncini, Mar\u00eda Cristina Castro y Gabriela Pirolo Jueves 20 de setiembre de 18 a 21.30 hs en Sede Rivadavia \u00a0\u00a0Entrada libre, no requiere inscripci\u00f3n previa Actividad aprobada por el Consejo Regional de Directores de la regi\u00f3n 6 Se otorgar\u00e1n certificados de asistencia y &#8230; <a title=\"Festival de Poes\u00eda 2018 &#8211; 20 de setiembre de 2018\" class=\"read-more\" href=\"https:\/\/isfd52-bue.infd.edu.ar\/sitio\/festival-de-poesia-2018\/\" aria-label=\"More on Festival de Poes\u00eda 2018 &#8211; 20 de setiembre de 2018\">[+]<\/a><\/p>\n","protected":false},"author":477,"featured_media":0,"parent":0,"menu_order":0,"comment_status":"closed","ping_status":"closed","template":"","meta":[],"acf":[],"_links":{"self":[{"href":"https:\/\/isfd52-bue.infd.edu.ar\/sitio\/wp-json\/wp\/v2\/pages\/1568"}],"collection":[{"href":"https:\/\/isfd52-bue.infd.edu.ar\/sitio\/wp-json\/wp\/v2\/pages"}],"about":[{"href":"https:\/\/isfd52-bue.infd.edu.ar\/sitio\/wp-json\/wp\/v2\/types\/page"}],"author":[{"embeddable":true,"href":"https:\/\/isfd52-bue.infd.edu.ar\/sitio\/wp-json\/wp\/v2\/users\/477"}],"replies":[{"embeddable":true,"href":"https:\/\/isfd52-bue.infd.edu.ar\/sitio\/wp-json\/wp\/v2\/comments?post=1568"}],"version-history":[{"count":3,"href":"https:\/\/isfd52-bue.infd.edu.ar\/sitio\/wp-json\/wp\/v2\/pages\/1568\/revisions"}],"predecessor-version":[{"id":1756,"href":"https:\/\/isfd52-bue.infd.edu.ar\/sitio\/wp-json\/wp\/v2\/pages\/1568\/revisions\/1756"}],"wp:attachment":[{"href":"https:\/\/isfd52-bue.infd.edu.ar\/sitio\/wp-json\/wp\/v2\/media?parent=1568"}],"curies":[{"name":"wp","href":"https:\/\/api.w.org\/{rel}","templated":true}]}}