{"id":1560,"date":"2018-08-29T18:47:44","date_gmt":"2018-08-29T21:47:44","guid":{"rendered":"https:\/\/isfd52-bue.infd.edu.ar\/sitio\/taller-de-fisica-para-futuros-docentes-del-profesorado-de-educacion-primaria-de-2do-y-3er-ano-jornadas-2018\/"},"modified":"2018-08-29T18:47:44","modified_gmt":"2018-08-29T21:47:44","slug":"taller-de-fisica-para-futuros-docentes-del-profesorado-de-educacion-primaria-de-2do-y-3er-ano-jornadas-2018","status":"publish","type":"page","link":"https:\/\/isfd52-bue.infd.edu.ar\/sitio\/taller-de-fisica-para-futuros-docentes-del-profesorado-de-educacion-primaria-de-2do-y-3er-ano-jornadas-2018\/","title":{"rendered":"Taller de F\u00edsica para futuros docentes del Profesorado de Educaci\u00f3n Primaria de 2do y 3er a\u00f1o &#8211; Jornadas 2018"},"content":{"rendered":"<p><strong>Taller de F&iacute;sica para futuros docentes del Profesorado de Educaci&oacute;n Primaria de 2do y 3er a&ntilde;o<\/strong>. Capacitaci&oacute;n a cargo de estudiantes del Profesorado T&eacute;cnico. Coordina la Profesora Marina Gomez R&iacute;os<\/p>\n<p>13 de junio de 10 a 12 hs en sede Los Ceibos<\/p>\n<p>15 de junio de 18 a 21.30 hs en sede Rivadavia<\/p>\n<p>11 de julio de 10 a 12 hs en sede Los Ceibos<\/p>\n<p>&nbsp;<\/p>\n<p><span><strong>Se otorgar&aacute;n certificados de asistencia y participaci&oacute;n<\/strong><\/span><\/p>\n<p><span><strong>Lugar: Rivadavia 349, San Isidro y Los Ceibos 55 Boulogne<\/strong><\/span><\/p>\n<p>&nbsp;<\/p>\n<p><span><strong>&nbsp; &nbsp; &nbsp; &nbsp; &nbsp; &nbsp; Inscripciones y Consultas: &nbsp; &nbsp; &nbsp; &nbsp; &nbsp; &nbsp; &nbsp; &nbsp;pedagogiadelaformacion52@gmail.com<\/strong><\/span><\/p><\/p>\n","protected":false},"excerpt":{"rendered":"<p>Taller de F&iacute;sica para futuros docentes del Profesorado de Educaci&oacute;n Primaria de 2do y 3er a&ntilde;o. Capacitaci&oacute;n a cargo de estudiantes del Profesorado T&eacute;cnico. Coordina la Profesora Marina Gomez R&iacute;os 13 de junio de 10 a 12 hs en sede Los Ceibos 15 de junio de 18 a 21.30 hs en sede Rivadavia 11 de &#8230; <a title=\"Taller de F\u00edsica para futuros docentes del Profesorado de Educaci\u00f3n Primaria de 2do y 3er a\u00f1o &#8211; Jornadas 2018\" class=\"read-more\" href=\"https:\/\/isfd52-bue.infd.edu.ar\/sitio\/taller-de-fisica-para-futuros-docentes-del-profesorado-de-educacion-primaria-de-2do-y-3er-ano-jornadas-2018\/\" aria-label=\"More on Taller de F\u00edsica para futuros docentes del Profesorado de Educaci\u00f3n Primaria de 2do y 3er a\u00f1o &#8211; Jornadas 2018\">[+]<\/a><\/p>\n","protected":false},"author":477,"featured_media":0,"parent":0,"menu_order":0,"comment_status":"closed","ping_status":"closed","template":"","meta":[],"acf":[],"_links":{"self":[{"href":"https:\/\/isfd52-bue.infd.edu.ar\/sitio\/wp-json\/wp\/v2\/pages\/1560"}],"collection":[{"href":"https:\/\/isfd52-bue.infd.edu.ar\/sitio\/wp-json\/wp\/v2\/pages"}],"about":[{"href":"https:\/\/isfd52-bue.infd.edu.ar\/sitio\/wp-json\/wp\/v2\/types\/page"}],"author":[{"embeddable":true,"href":"https:\/\/isfd52-bue.infd.edu.ar\/sitio\/wp-json\/wp\/v2\/users\/477"}],"replies":[{"embeddable":true,"href":"https:\/\/isfd52-bue.infd.edu.ar\/sitio\/wp-json\/wp\/v2\/comments?post=1560"}],"version-history":[{"count":0,"href":"https:\/\/isfd52-bue.infd.edu.ar\/sitio\/wp-json\/wp\/v2\/pages\/1560\/revisions"}],"wp:attachment":[{"href":"https:\/\/isfd52-bue.infd.edu.ar\/sitio\/wp-json\/wp\/v2\/media?parent=1560"}],"curies":[{"name":"wp","href":"https:\/\/api.w.org\/{rel}","templated":true}]}}