{"id":1318,"date":"2018-08-29T18:46:06","date_gmt":"2018-08-29T21:46:06","guid":{"rendered":"https:\/\/isfd52-bue.infd.edu.ar\/sitio\/cufba-curso-de-formacion-basico\/"},"modified":"2024-12-30T10:44:44","modified_gmt":"2024-12-30T13:44:44","slug":"cufba-curso-de-formacion-basico","status":"publish","type":"page","link":"https:\/\/isfd52-bue.infd.edu.ar\/sitio\/cufba-curso-de-formacion-basico\/","title":{"rendered":"CUFBA (Curso de Formaci\u00f3n B\u00e1sica)"},"content":{"rendered":"\n<p>A fin de posibilitar y fortalecer la adquisici\u00f3n de las competencias requeridas en la trayectoria del Profesorado de Ingl\u00e9s, se desarrolla un Curso de Formaci\u00f3n B\u00e1sica previsto\u00a0con la duraci\u00f3n de un Ciclo Lectivo de treinta y dos (32) semanas y con una carga horaria de ocho (8) horas reloj semanales.<\/p>\n\n\n\n<p><strong>\u00bfA qui\u00e9n est\u00e1 dirigido el CUFBA?<\/strong><\/p>\n\n\n\n<p>El CUFBA est\u00e1 dirigido a estudiantes ingresantes que deseen fortalecer sus conocimientos de la lengua inglesa antes de ingresar a 1\u00b0 A\u00d1O, o de cursar unidades curriculares de la especificidad.<\/p>\n\n\n\n<p><strong>El Curso de Formaci\u00f3n B\u00e1sica (CUFBA) est\u00e1 organizado en tres \u00e1reas:<\/strong><\/p>\n\n\n\n<p><strong>1)&nbsp;&nbsp;&nbsp; Comprensi\u00f3n de textos&nbsp;<\/strong>(3 m\u00f3dulos semanales)<\/p>\n\n\n\n<p><strong>2)&nbsp;&nbsp;&nbsp;&nbsp;Expresi\u00f3n Escrita&nbsp;<\/strong>(3 m\u00f3dulos semanales)<\/p>\n\n\n\n<p><strong>3)&nbsp;&nbsp;&nbsp;&nbsp;Expresi\u00f3n Oral&nbsp;<\/strong>(2 m\u00f3dulos semanales)<\/p>\n\n\n\n<p><strong>\u00b7&nbsp; Expectativas de Logro<\/strong><\/p>\n\n\n\n<ol type=\"1\" start=\"1\">\n<li>Comprensi\u00f3n de un texto escrito desconocido, rese\u00f1ando sus ideas principales.<\/li>\n\n\n\n<li>Comprensi\u00f3n de un texto oral desconocido, rese\u00f1ando sus ideas principales.<\/li>\n\n\n\n<li>Redacci\u00f3n de una carta breve e informal, narraci\u00f3n o descripci\u00f3n sobre un tema asignado, desarrollado con coherencia y en respuesta al prop\u00f3sito del texto.<\/li>\n\n\n\n<li>Comentario sobre un texto le\u00eddo con anterioridad (art\u00edculo, cuento)<\/li>\n\n\n\n<li>Respuesta al discurso imprevisible de un interlocutor sobre temas de la vida cotidiana.<\/li>\n\n\n\n<li>Conversaci\u00f3n fluida con aproximaci\u00f3n a la correcci\u00f3n fon\u00e9tica, l\u00e9xica y gramatical y con adecuaci\u00f3n al contexto.<\/li>\n<\/ol>\n\n\n\n<p><\/p>\n\n\n","protected":false},"excerpt":{"rendered":"<p>A fin de posibilitar y fortalecer la adquisici\u00f3n de las competencias requeridas en la trayectoria del Profesorado de Ingl\u00e9s, se desarrolla un Curso de Formaci\u00f3n B\u00e1sica previsto\u00a0con la duraci\u00f3n de un Ciclo Lectivo de treinta y dos (32) semanas y con una carga horaria de ocho (8) horas reloj semanales. \u00bfA qui\u00e9n est\u00e1 dirigido el &#8230; <a title=\"CUFBA (Curso de Formaci\u00f3n B\u00e1sica)\" class=\"read-more\" href=\"https:\/\/isfd52-bue.infd.edu.ar\/sitio\/cufba-curso-de-formacion-basico\/\" aria-label=\"More on CUFBA (Curso de Formaci\u00f3n B\u00e1sica)\">[+]<\/a><\/p>\n","protected":false},"author":477,"featured_media":0,"parent":0,"menu_order":0,"comment_status":"closed","ping_status":"closed","template":"","meta":[],"acf":[],"_links":{"self":[{"href":"https:\/\/isfd52-bue.infd.edu.ar\/sitio\/wp-json\/wp\/v2\/pages\/1318"}],"collection":[{"href":"https:\/\/isfd52-bue.infd.edu.ar\/sitio\/wp-json\/wp\/v2\/pages"}],"about":[{"href":"https:\/\/isfd52-bue.infd.edu.ar\/sitio\/wp-json\/wp\/v2\/types\/page"}],"author":[{"embeddable":true,"href":"https:\/\/isfd52-bue.infd.edu.ar\/sitio\/wp-json\/wp\/v2\/users\/477"}],"replies":[{"embeddable":true,"href":"https:\/\/isfd52-bue.infd.edu.ar\/sitio\/wp-json\/wp\/v2\/comments?post=1318"}],"version-history":[{"count":1,"href":"https:\/\/isfd52-bue.infd.edu.ar\/sitio\/wp-json\/wp\/v2\/pages\/1318\/revisions"}],"predecessor-version":[{"id":5165,"href":"https:\/\/isfd52-bue.infd.edu.ar\/sitio\/wp-json\/wp\/v2\/pages\/1318\/revisions\/5165"}],"wp:attachment":[{"href":"https:\/\/isfd52-bue.infd.edu.ar\/sitio\/wp-json\/wp\/v2\/media?parent=1318"}],"curies":[{"name":"wp","href":"https:\/\/api.w.org\/{rel}","templated":true}]}}