{"id":1269,"date":"2018-08-29T18:45:43","date_gmt":"2018-08-29T21:45:43","guid":{"rendered":"https:\/\/isfd52-bue.infd.edu.ar\/sitio\/cuerpos-colegiados\/"},"modified":"2020-10-17T18:37:20","modified_gmt":"2020-10-17T21:37:20","slug":"cuerpos-colegiados","status":"publish","type":"page","link":"https:\/\/isfd52-bue.infd.edu.ar\/sitio\/cuerpos-colegiados\/","title":{"rendered":"Cuerpos colegiados"},"content":{"rendered":"<p><span style=\"font-size: 10pt;\">\u00a0<\/span><\/p>\n<p class=\"MsoNormal\" style=\"margin: 6pt 0cm; text-align: center;\"><span style=\"font-size: 12pt;\"><span style=\"color: #800000;\"><span style=\"text-decoration: underline;\"><span style=\"font-family: Arial;\"><strong>Cuerpos colegiados de funcionamiento institucional<\/strong><\/span><\/span><\/span><\/span><\/p>\n<p class=\"MsoNormal\" style=\"margin: 6pt 0cm; text-align: center;\"><span style=\"font-size: 12pt;\"><span style=\"color: #800000;\"><span style=\"text-decoration: underline;\"><span style=\"font-family: Arial;\"><strong>\u00a0<\/strong><\/span><\/span><\/span><\/span><\/p>\n<p class=\"MsoNormal\" style=\"margin: 6pt 0cm; text-align: center;\"><span style=\"font-size: 10pt;\"><span style=\"font-family: Arial;\"><strong>CAI (Consejo Acad\u00e9mico Institucional)<\/strong><\/span><\/span><\/p>\n<p class=\"MsoNormal\" style=\"margin: 6pt 0cm; text-align: justify;\"><span style=\"font-size: 10pt;\"><span style=\"font-family: Arial;\">Con el prop\u00f3sito de garantizar la democratizaci\u00f3n de la gesti\u00f3n institucional y siguiendo lo establecido por la Resoluci\u00f3n 918 del a\u00f1o 2001 esta instituci\u00f3n cuenta con un Consejo Acad\u00e9mico Institucional integrado por un representante del equipo directivo y por representantes de los claustros docente y estudiantil. A continuaci\u00f3n se detallan los consejeros elegidos para el periodo 2017 &#8211; 2019:<br \/>\n<\/span><\/span><\/p>\n<p id=\"yui_3_16_0_ym19_1_1501457655886_16961\"><strong><span id=\"yui_3_16_0_ym19_1_1501457655886_16960\" style=\"font-family: arial,helvetica,sans-serif; font-size: 10pt;\"><em id=\"yui_3_16_0_ym19_1_1501457655886_16958\">Consejeros Docentes:<\/em><\/span><\/strong><\/p>\n<p id=\"yui_3_16_0_ym19_1_1501457655886_16917\">\u00a0<span id=\"yui_3_16_0_ym19_1_1501457655886_16916\" style=\"font-family: arial,helvetica,sans-serif; font-size: 10pt;\"><strong id=\"yui_3_16_0_ym19_1_1501457655886_16915\">INGL\u00c9S<\/strong><\/span><\/p>\n<p><span style=\"font-family: arial,helvetica,sans-serif; font-size: 10pt;\"><em>Titulares<\/em><\/span><\/p>\n<p id=\"yui_3_16_0_ym19_1_1501457655886_16908\"><span style=\"font-family: arial,helvetica,sans-serif; font-size: 10pt;\">\u00a0LADONA, Ayel\u00e9n\u00a0<\/span><\/p>\n<p>G\u00f3MEZ, Claudia<\/p>\n<p id=\"yui_3_16_0_ym19_1_1501457655886_16921\"><span style=\"font-family: arial,helvetica,sans-serif; font-size: 10pt;\">\u00a0\u00a0<\/span><\/p>\n<p><span style=\"font-family: arial,helvetica,sans-serif; font-size: 10pt;\"><em>Suplentes<\/em><\/span><\/p>\n<p id=\"yui_3_16_0_ym19_1_1501457655886_16913\"><span style=\"font-family: arial,helvetica,sans-serif; font-size: 10pt;\">\u00a0S\u00cdMARI, Alejandra\u00a0<\/span><\/p>\n<p id=\"yui_3_16_0_ym19_1_1501457655886_16922\"><span style=\"font-family: arial,helvetica,sans-serif; font-size: 10pt;\">\u00a0VELTRI, Laura\u00a0<\/span><\/p>\n<p><span style=\"font-family: arial,helvetica,sans-serif; font-size: 10pt;\">\u00a0<\/span><\/p>\n<p id=\"yui_3_16_0_ym19_1_1501457655886_16910\"><span id=\"yui_3_16_0_ym19_1_1501457655886_16912\" style=\"font-family: arial,helvetica,sans-serif; font-size: 10pt;\"><strong id=\"yui_3_16_0_ym19_1_1501457655886_16911\">EDUCACI\u00d3N PRIMARIA<\/strong><\/span><\/p>\n<p id=\"yui_3_16_0_ym19_1_1501457655886_16909\"><span style=\"font-family: arial,helvetica,sans-serif; font-size: 10pt;\"><em>Titulares<\/em><\/span><\/p>\n<p id=\"yui_3_16_0_ym19_1_1501457655886_16923\"><span style=\"font-family: arial,helvetica,sans-serif; font-size: 10pt;\">BANEGA, Noem\u00ed<\/span><\/p>\n<p id=\"yui_3_16_0_ym19_1_1501457655886_16924\"><span style=\"font-family: arial,helvetica,sans-serif; font-size: 10pt;\">ZABALA, Mercedes<\/span><\/p>\n<p id=\"yui_3_16_0_ym19_1_1501457655886_16931\"><span style=\"font-family: arial,helvetica,sans-serif; font-size: 10pt;\"><em>Suplentes<\/em><\/span><\/p>\n<p id=\"yui_3_16_0_ym19_1_1501457655886_16925\">\n<p id=\"yui_3_16_0_ym19_1_1501457655886_16907\"><span style=\"font-family: arial,helvetica,sans-serif; font-size: 10pt;\">\u00a0SEOANE, Carolina<\/span><\/p>\n<p id=\"yui_3_16_0_ym19_1_1501457655886_16926\"><span style=\"font-family: arial,helvetica,sans-serif; font-size: 10pt;\">\u00a0<\/span><\/p>\n<p id=\"yui_3_16_0_ym19_1_1501457655886_16906\"><span style=\"font-family: arial,helvetica,sans-serif; font-size: 10pt;\">\u00a0<strong id=\"yui_3_16_0_ym19_1_1501457655886_16927\">ECONOM\u00cdA<\/strong><\/span><\/p>\n<p id=\"yui_3_16_0_ym19_1_1501457655886_16929\"><span style=\"font-family: arial,helvetica,sans-serif; font-size: 10pt;\"><em id=\"yui_3_16_0_ym19_1_1501457655886_16928\">Titulares<\/em><\/span><\/p>\n<p><span style=\"font-family: arial,helvetica,sans-serif; font-size: 10pt;\">GAVASSI, Juan<\/span><\/p>\n<p id=\"yui_3_16_0_ym19_1_1501457655886_16957\"><span style=\"font-family: arial,helvetica,sans-serif; font-size: 10pt;\">LANFRANCO, Micaela<\/span><\/p>\n<p id=\"yui_3_16_0_ym19_1_1501457655886_16932\"><span style=\"font-family: arial,helvetica,sans-serif; font-size: 10pt;\"><em>Suplentes<\/em><\/span><\/p>\n<p>&nbsp;<\/p>\n<p>&nbsp;<\/p>\n<p><span style=\"font-family: arial,helvetica,sans-serif; font-size: 10pt;\">\u00a0<\/span><\/p>\n<p><span style=\"font-family: arial,helvetica,sans-serif; font-size: 10pt;\">\u00a0<\/span><\/p>\n<p id=\"yui_3_16_0_ym19_1_1501457655886_16905\"><span style=\"font-family: arial,helvetica,sans-serif; font-size: 10pt;\"><strong>T\u00c9CNICO<\/strong><\/span><\/p>\n<p><span style=\"font-family: arial,helvetica,sans-serif; font-size: 10pt;\"><em>Titulares<\/em><\/span><\/p>\n<p><span style=\"font-family: arial,helvetica,sans-serif; font-size: 10pt;\">PEACOCK, Guillermo<\/span><\/p>\n<p>&nbsp;<\/p>\n<p id=\"yui_3_16_0_ym19_1_1501457655886_16904\"><span style=\"font-family: arial,helvetica,sans-serif; font-size: 10pt;\"><em>Suplentes<\/em><\/span><\/p>\n<p><span style=\"font-family: arial,helvetica,sans-serif; font-size: 10pt;\">CARLOS, Sergio<\/span><\/p>\n<p id=\"yui_3_16_0_ym19_1_1501457655886_16950\"><span style=\"font-family: arial,helvetica,sans-serif; font-size: 10pt;\">ESCOBAR, Gustavo<\/span><\/p>\n<p id=\"yui_3_16_0_ym19_1_1501457655886_16956\"><span style=\"font-family: arial,helvetica,sans-serif; font-size: 10pt;\">\u00a0<\/span><\/p>\n<p id=\"yui_3_16_0_ym19_1_1501457655886_16955\"><span style=\"font-family: arial,helvetica,sans-serif; font-size: 10pt;\"><em id=\"yui_3_16_0_ym19_1_1501457655886_16954\"><strong id=\"yui_3_16_0_ym19_1_1501457655886_16953\"><span id=\"yiv0052307579yui_3_16_0_1_1496709027937_6600\">Consejeros Estudiantes:<\/span><\/strong><\/em><\/span><\/p>\n<p id=\"yui_3_16_0_ym19_1_1501457655886_16952\"><span style=\"font-family: arial,helvetica,sans-serif; font-size: 10pt;\"><strong id=\"yui_3_16_0_ym19_1_1501457655886_16951\">INGL\u00c9S<\/strong><\/span><\/p>\n<p><span style=\"font-family: arial,helvetica,sans-serif; font-size: 10pt;\"><em>Titulares<\/em><\/span><\/p>\n<p>MALISZEWSKI\u00a0 Aldana<\/p>\n<p><span style=\"font-family: arial,helvetica,sans-serif; font-size: 10pt;\"><em>Suplentes<\/em><\/span><\/p>\n<p>GONZALEZ, Florencia<\/p>\n<p>&nbsp;<\/p>\n<p>&nbsp;<\/p>\n<p id=\"yui_3_16_0_ym19_1_1501457655886_16948\"><span style=\"font-family: arial,helvetica,sans-serif; font-size: 10pt;\">\u00a0<\/span><\/p>\n<p id=\"yui_3_16_0_ym19_1_1501457655886_16875\"><span style=\"font-family: arial,helvetica,sans-serif; font-size: 10pt;\"><strong id=\"yui_3_16_0_ym19_1_1501457655886_16874\">EDUCACI\u00d3N PRIMARIA<\/strong><\/span><\/p>\n<p id=\"yui_3_16_0_ym19_1_1501457655886_16947\"><span style=\"font-family: arial,helvetica,sans-serif; font-size: 10pt;\"><em id=\"yui_3_16_0_ym19_1_1501457655886_16946\">Titulares<\/em><\/span><\/p>\n<p id=\"yui_3_16_0_ym19_1_1501457655886_16949\">\n<p><span style=\"font-family: arial,helvetica,sans-serif; font-size: 10pt;\">PERAFAN, Delfina<\/span><\/p>\n<p id=\"yui_3_16_0_ym19_1_1501457655886_16933\"><span style=\"font-family: arial,helvetica,sans-serif; font-size: 10pt;\"><em>Suplentes<\/em><\/span><\/p>\n<p><span style=\"font-family: arial,helvetica,sans-serif; font-size: 10pt;\">BATTISTELLI, Juan Pablo<\/span><\/p>\n<p id=\"yui_3_16_0_ym19_1_1501457655886_16945\"><span style=\"font-family: arial,helvetica,sans-serif; font-size: 10pt;\">SORRENTINO, Sabrina<\/span><\/p>\n<p id=\"yui_3_16_0_ym19_1_1501457655886_16944\"><span style=\"font-family: arial,helvetica,sans-serif; font-size: 10pt;\">\u00a0<\/span><\/p>\n<p><span style=\"font-family: arial,helvetica,sans-serif; font-size: 10pt;\"><strong>ECONOM\u00cdA<\/strong><\/span><\/p>\n<p><span style=\"font-family: arial,helvetica,sans-serif; font-size: 10pt;\"><em>Titulares<\/em><\/span><\/p>\n<p><span style=\"font-family: arial,helvetica,sans-serif; font-size: 10pt;\">MOLINA , Sandra Melina<\/span><\/p>\n<p>&nbsp;<\/p>\n<p id=\"yui_3_16_0_ym19_1_1501457655886_16873\"><span style=\"font-family: arial,helvetica,sans-serif; font-size: 10pt;\">LE FOLL, Alexis<\/span><\/p>\n<p><span style=\"font-family: arial,helvetica,sans-serif; font-size: 10pt;\"><em>Suplentes<\/em><\/span><\/p>\n<p>&nbsp;<\/p>\n<p>&nbsp;<\/p>\n<p id=\"yui_3_16_0_ym19_1_1501457655886_16943\"><span style=\"font-family: arial,helvetica,sans-serif; font-size: 10pt;\">\u00a0<\/span><\/p>\n<p><span style=\"font-family: arial,helvetica,sans-serif; font-size: 10pt;\"><strong>T\u00c9CNICO<\/strong><\/span><\/p>\n<p id=\"yui_3_16_0_ym19_1_1501457655886_16942\"><span style=\"font-family: arial,helvetica,sans-serif; font-size: 10pt;\"><em id=\"yui_3_16_0_ym19_1_1501457655886_16941\">Titulares<\/em><\/span><\/p>\n<p id=\"yui_3_16_0_ym19_1_1501457655886_16936\"><span style=\"font-family: arial,helvetica,sans-serif; font-size: 10pt;\">FANTINI, Rubens<\/span><\/p>\n<p id=\"yui_3_16_0_ym19_1_1501457655886_16869\"><span style=\"font-family: arial,helvetica,sans-serif; font-size: 10pt;\">SIFUENTES, Juan Manuel<\/span><\/p>\n<p id=\"yui_3_16_0_ym19_1_1501457655886_16935\"><span style=\"font-family: arial,helvetica,sans-serif; font-size: 10pt;\"><em>Suplentes<\/em><\/span><\/p>\n<p id=\"yui_3_16_0_ym19_1_1501457655886_16938\"><span style=\"font-family: arial,helvetica,sans-serif; font-size: 10pt;\">VAN GEEST, Pablo<\/span><\/p>\n<p id=\"yui_3_16_0_ym19_1_1501457655886_16937\"><span style=\"font-family: arial,helvetica,sans-serif; font-size: 10pt;\">GOICOECHEA, Gustavo<\/span><\/p>\n<p>&nbsp;<\/p>\n<p class=\"MsoNormal\" style=\"margin: 6pt 0cm; text-align: justify;\"><span style=\"font-size: 10pt;\"><span style=\"font-family: Arial;\">Este Consejo sesiona por lo general una vez por mes y asesora al equipo\u00a0 directivo de la instituci\u00f3n sobre temas vinculados con el rendimiento acad\u00e9mico, nuevos proyectos institucionales, conformaci\u00f3n de coberturas para espacios curriculares, convivencia institucional, entre otros.<\/span><\/span><\/p>\n<p class=\"MsoNormal\" style=\"margin: 6pt 0cm; text-align: justify;\"><span style=\"font-size: 10pt;\"><span style=\"font-family: Arial;\">Todas las actas de las reuniones del CAI se publican desde el a\u00f1o 2220 en la p\u00e1gina del instituto en comunicados institucionales.<\/span><\/span><\/p>\n<p class=\"MsoNormal\" style=\"margin: 6pt 0cm; text-align: center;\"><span style=\"font-size: 10pt;\"><span style=\"font-family: Arial;\">\u00a0<strong>Delegados <\/strong><\/span><\/span><\/p>\n<p class=\"MsoNormal\" style=\"margin: 6pt 0cm; text-align: justify;\"><span style=\"font-size: 10pt;\"><span style=\"font-family: Arial;\">Para mantener una comunicaci\u00f3n permanente con el equipo directivo y con los miembros del CAI, cada curso selecciona uno o dos delegados que ser\u00e1n los encargados de plantear diferentes temas a los representantes del CAI (alumnos y profesores) y al equipo directivo. Adem\u00e1s facilita la circulaci\u00f3n de la informaci\u00f3n. <\/span><\/span><\/p>\n<p class=\"MsoNormal\" style=\"margin: 6pt 0cm; text-align: justify;\"><span style=\"font-size: 10pt;\"><span style=\"font-family: Arial;\">Dado que los alumnos de primer a\u00f1o, seg\u00fan la normativa, no pueden ser parte del CAI, el tener un representante les permite estar al tanto de diversos temas institucionales y transmitirlos a sus compa\u00f1eros, as\u00ed como ser voceros del pensamiento de sus compa\u00f1eros en las reuniones con el equipo directivo. \u00a0\u00a0\u00a0\u00a0\u00a0\u00a0\u00a0\u00a0\u00a0\u00a0\u00a0\u00a0<\/span><\/span><\/p>\n<p class=\"MsoNormal\" style=\"margin: 6pt 0cm; text-align: center;\"><span style=\"font-size: 10pt;\"><span style=\"font-family: Arial;\"><strong>\u00a0Asociaci\u00f3n Cooperadora<\/strong><\/span><\/span><\/p>\n<p class=\"MsoNormal\" style=\"margin: 6pt 0cm; text-align: justify;\"><span style=\"font-size: 10pt;\"><span style=\"font-family: Arial;\">La Asociaci\u00f3n\u00a0 Cooperadora est\u00e1 integrada por todos aquellos alumnos, profesores y colaboradores externos que pagan su bono contribuci\u00f3n y que se integran como socios. <\/span><\/span><\/p>\n<p class=\"MsoNormal\" style=\"margin: 6pt 0cm; text-align: justify;\"><span style=\"font-size: 10pt;\"><span style=\"font-family: Arial;\">La comisi\u00f3n directiva actual est\u00e1 compuesta por Marina Gomez R\u00edos como presidente, Donata Recanatini como Tesorera .<\/span><\/span><\/p>\n<p class=\"MsoNormal\" style=\"margin: 6pt 0cm; text-align: justify;\"><span style=\"font-size: 10pt;\"><span style=\"font-family: Arial;\">Este \u00f3rgano nos permite contar con los fondos necesarios para mantener en funcionamiento la instituci\u00f3n ya que gracias al dinero recaudado y administrado por la comisi\u00f3n directiva contamos con el papel y el tonner para las impresiones, libros de registros administrativos, contratamos servicie para las computadoras e impresoras que permiten el funcionamiento remoto del campus y del Sadis,\u00a0 y otros insumos que se necesitan para que la instituci\u00f3n funcione.<\/span><\/span><\/p>\n<p class=\"MsoNormal\" style=\"margin: 6pt 0cm; text-align: center;\"><span style=\"font-size: 10pt;\"><span style=\"font-family: Arial;\"><strong>Centro de Estudiantes<\/strong><\/span><\/span><\/p>\n<p class=\"MsoNormal\" style=\"margin: 6pt 0cm; text-align: justify;\"><span style=\"font-size: 10pt;\"><span style=\"font-family: Arial;\">Durante el 2007 la Direcci\u00f3n de Educaci\u00f3n Superior de nuestra provincia, ha puesto especial \u00e9nfasis en la institucionalizaci\u00f3n de todos los centros de estudiantes de las instituciones de formaci\u00f3n docente como parte de decisiva de los procesos de democratizaci\u00f3n del sistema educativo. En este sentido la Disposici\u00f3n 109\/07 se\u00f1ala: \u201cNo se puede hablar de democracia cuando no se propician la construcci\u00f3n de espacios que les permitan a los alumnos organizarse colectivamente para la difusi\u00f3n, promoci\u00f3n y defensa de los derechos\u2026 si se quiere formar un sujeto cr\u00edtico, participativo y democr\u00e1tico, las instituciones del nivel superior no s\u00f3lo deber\u00e1n responder a estas caracter\u00edsticas, sino que deber\u00e1n promover, incentivar y acompa\u00f1ar a los alumnos en la organizaci\u00f3n que todo Centro de Estudiantes conlleva\u2026\u201d.<a style=\"mso-footnote-id: ftn1;\" href=\"#_ftn1\" name=\"_ftnref1\"><\/a><span class=\"MsoFootnoteReference\"><span class=\"MsoFootnoteReference\"><span style=\"font-family: Arial;\">[1]<\/span><\/span><\/span><\/span><\/span><\/p>\n<p class=\"MsoNormal\" style=\"margin: 6pt 0cm; text-align: justify;\"><span style=\"font-size: 10pt;\"><span style=\"font-family: Arial;\">El Centro de Estudiantes de nuestro instituto realiza elecciones anuales donde los estudiantes eligen la Comisi\u00f3n Directiva que los representa. En el\u00a0 presente contexto de ASPO, la comisi\u00f3n directiva continua desde el 2019.<\/span><\/span><\/p>\n<p class=\"MsoNormal\" style=\"margin: 6pt 0cm; text-align: justify;\"><span style=\"font-size: 10pt;\"><span style=\"font-family: Arial;\">El Centro de Estudiantes, adem\u00e1s de realizar sus reuniones peri\u00f3dicas desarrolla encuentros con otros Centros a trav\u00e9s de la red de Estudiantes Terciarios. Asimismo, participa y organiza diversas actividades con docentes, estudiantes y directivos\u00a0 de la instituci\u00f3n . Durante el presente ciclo lectivo 2020, en el cual las cursadas se desarrollan en forma virtual, la actividad del Centro de estudiantes fue intensa y de constante vinculaci\u00f3n con los estudiantes ingresantes y de a\u00f1os superiores. Su participaci\u00f3n en actividades acad\u00e9micas que lleva adelante la DPES a trav\u00e9s de conversatorios y conferencias, y en la organizaci\u00f3n junto con profesores de la c\u00e1tedra abierta de\u00a0 Perspectiva de g\u00e9nero, resulta de vital importancia para el fortalecimiento no solo acad\u00e9mico sino vincular de todos los miembros de la instituci\u00f3n. El Centro de estudiantes convoca a los docentes y organiza\u00a0 la recolecci\u00f3n y entrega de bolsones alimentarios para les estudiantes del instituto.<\/span><\/span><\/p>\n<p class=\"MsoNormal\" style=\"margin: 6pt 0cm; text-align: justify;\"><span style=\"font-size: 10pt;\"><span style=\"font-family: Arial;\">La comisi\u00f3n directiva actual del Centro de Estudiantes est\u00e1 conformada por:<\/span><\/span><\/p>\n<table class=\"MsoTableGrid\" style=\"border-collapse: collapse; mso-border-alt: solid windowtext .5pt; mso-padding-alt: 0cm 5.4pt 0cm 5.4pt; mso-table-layout-alt: fixed; mso-yfti-tbllook: 480; mso-border-insideh: .5pt solid windowtext; mso-border-insidev: .5pt solid windowtext;\" border=\"1\" cellspacing=\"0\" cellpadding=\"0\">\n<tbody>\n<tr style=\"height: 16px;\">\n<td style=\"background-color: transparent; width: 82.55pt; border: 1pt solid windowtext; padding: 0cm 5.4pt; height: 16px;\" valign=\"top\" width=\"110\">\n<p class=\"MsoNormal\" style=\"margin: 0cm 0cm 0pt; text-align: justify;\"><span style=\"font-size: 10pt;\"><span style=\"font-family: Arial;\">Presidente<\/span><\/span><\/p>\n<\/td>\n<td style=\"background-color: transparent; width: 120.85pt; padding: 0cm 5.4pt; height: 16px;\" valign=\"top\" width=\"161\">Camila Tizzano<\/td>\n<td style=\"background-color: transparent; width: 175.7pt; padding: 0cm 5.4pt; height: 16px;\" valign=\"top\" width=\"234\">\n<p class=\"MsoNormal\" style=\"margin: 0cm 0cm 0pt; text-align: justify;\">\n<\/td>\n<\/tr>\n<tr style=\"height: 16px;\">\n<td style=\"background-color: transparent; width: 82.55pt; padding: 0cm 5.4pt; height: 16px;\" valign=\"top\" width=\"110\">\n<p class=\"MsoNormal\" style=\"margin: 0cm 0cm 0pt; text-align: justify;\"><span style=\"font-size: 10pt;\"><span style=\"font-family: Arial;\">Tesorera <\/span><\/span><\/p>\n<\/td>\n<td style=\"background-color: transparent; width: 120.85pt; padding: 0cm 5.4pt; height: 16px;\" valign=\"top\" width=\"161\"><span style=\"font-family: arial,helvetica,sans-serif; font-size: 10pt;\">\u00a0Cecilia Aguanno<\/span><\/td>\n<td style=\"background-color: transparent; width: 175.7pt; padding: 0cm 5.4pt; height: 16px;\" valign=\"top\" width=\"234\">\n<p class=\"MsoNormal\" style=\"margin: 0cm 0cm 0pt; text-align: justify;\">\n<\/td>\n<\/tr>\n<tr style=\"height: 16px;\">\n<td style=\"background-color: transparent; width: 82.55pt; padding: 0cm 5.4pt; height: 16px;\" valign=\"top\" width=\"110\">\n<p class=\"MsoNormal\" style=\"margin: 0cm 0cm 0pt; text-align: justify;\"><span style=\"font-size: 10pt;\"><span style=\"font-family: Arial;\">Vocal 1<\/span><\/span><\/p>\n<\/td>\n<td style=\"background-color: transparent; width: 120.85pt; padding: 0cm 5.4pt; height: 16px;\" valign=\"top\" width=\"161\">\n<p class=\"MsoNormal\" style=\"margin: 0cm 0cm 0pt;\">Rocio Idaberry<\/p>\n<\/td>\n<td style=\"background-color: transparent; width: 175.7pt; padding: 0cm 5.4pt; height: 16px;\" valign=\"top\" width=\"234\">\n<p class=\"MsoNormal\" style=\"margin: 0cm 0cm 0pt; text-align: justify;\">\n<\/td>\n<\/tr>\n<tr style=\"height: 16px;\">\n<td style=\"background-color: transparent; width: 82.55pt; padding: 0cm 5.4pt; height: 16px;\" valign=\"top\" width=\"110\">Vocal 2<\/td>\n<td style=\"background-color: transparent; width: 120.85pt; padding: 0cm 5.4pt; height: 16px;\" valign=\"top\" width=\"161\">Esteban Angelini<\/td>\n<td style=\"background-color: transparent; width: 175.7pt; padding: 0cm 5.4pt; height: 16px;\" valign=\"top\" width=\"234\">\n<p class=\"MsoNormal\" style=\"margin: 0cm 0cm 0pt; text-align: justify;\">\n<\/td>\n<\/tr>\n<tr style=\"height: 16px;\">\n<td style=\"background-color: transparent; width: 82.55pt; padding: 0cm 5.4pt; height: 16px;\" valign=\"top\" width=\"110\"><\/td>\n<td style=\"background-color: transparent; width: 120.85pt; padding: 0cm 5.4pt; height: 16px;\" valign=\"top\" width=\"161\"><\/td>\n<td style=\"background-color: transparent; width: 175.7pt; padding: 0cm 5.4pt; height: 16px;\" valign=\"top\" width=\"234\">\n<p class=\"MsoNormal\" style=\"margin: 0cm 0cm 0pt; text-align: justify;\">\n<\/td>\n<\/tr>\n<\/tbody>\n<\/table>\n<p class=\"MsoNormal\" style=\"margin: 6pt 0cm; text-align: justify;\">\n<hr size=\"1\" \/>\n<p>&nbsp;<\/p>\n<div style=\"mso-element: footnote-list;\">\n<div id=\"ftn1\" style=\"mso-element: footnote;\">\n<p class=\"MsoFootnoteText\" style=\"margin: 0cm 0cm 0pt;\"><span style=\"font-size: 10pt;\"><a style=\"mso-footnote-id: ftn1;\" href=\"#_ftnref1\" name=\"_ftn1\"><\/a><span class=\"MsoFootnoteReference\"><span class=\"MsoFootnoteReference\">[1]<\/span><\/span><span style=\"font-family: Times New Roman;\"> Disposici\u00f3n 109\/07 de la Direcci\u00f3n de Educaci\u00f3n Superior (13 de agosto del 2007)<\/span><\/span><\/p>\n<\/div>\n<\/div>\n","protected":false},"excerpt":{"rendered":"<p>\u00a0 Cuerpos colegiados de funcionamiento institucional \u00a0 CAI (Consejo Acad\u00e9mico Institucional) Con el prop\u00f3sito de garantizar la democratizaci\u00f3n de la gesti\u00f3n institucional y siguiendo lo establecido por la Resoluci\u00f3n 918 del a\u00f1o 2001 esta instituci\u00f3n cuenta con un Consejo Acad\u00e9mico Institucional integrado por un representante del equipo directivo y por representantes de los claustros docente &#8230; <a title=\"Cuerpos colegiados\" class=\"read-more\" href=\"https:\/\/isfd52-bue.infd.edu.ar\/sitio\/cuerpos-colegiados\/\" aria-label=\"More on Cuerpos colegiados\">[+]<\/a><\/p>\n","protected":false},"author":477,"featured_media":0,"parent":0,"menu_order":0,"comment_status":"closed","ping_status":"closed","template":"","meta":[],"acf":[],"_links":{"self":[{"href":"https:\/\/isfd52-bue.infd.edu.ar\/sitio\/wp-json\/wp\/v2\/pages\/1269"}],"collection":[{"href":"https:\/\/isfd52-bue.infd.edu.ar\/sitio\/wp-json\/wp\/v2\/pages"}],"about":[{"href":"https:\/\/isfd52-bue.infd.edu.ar\/sitio\/wp-json\/wp\/v2\/types\/page"}],"author":[{"embeddable":true,"href":"https:\/\/isfd52-bue.infd.edu.ar\/sitio\/wp-json\/wp\/v2\/users\/477"}],"replies":[{"embeddable":true,"href":"https:\/\/isfd52-bue.infd.edu.ar\/sitio\/wp-json\/wp\/v2\/comments?post=1269"}],"version-history":[{"count":3,"href":"https:\/\/isfd52-bue.infd.edu.ar\/sitio\/wp-json\/wp\/v2\/pages\/1269\/revisions"}],"predecessor-version":[{"id":3528,"href":"https:\/\/isfd52-bue.infd.edu.ar\/sitio\/wp-json\/wp\/v2\/pages\/1269\/revisions\/3528"}],"wp:attachment":[{"href":"https:\/\/isfd52-bue.infd.edu.ar\/sitio\/wp-json\/wp\/v2\/media?parent=1269"}],"curies":[{"name":"wp","href":"https:\/\/api.w.org\/{rel}","templated":true}]}}